{"text_format":"1","workbook":"xlsx","n_sheets":3,"sheets":["Lookup","Subject raw marks data","Scaling Calculator"],"not_rendered":{"charts":0,"images":1,"macros":1,"external_links":0,"defined_names":261,"comments":0,"pivot_tables":0},"unopened":[],"bounds":{"document_bytes":16777216,"sheet_cells":100000,"rows_first":2000,"rows_last":500,"rows_between":2000,"halvings":0,"cell_chars":16384,"cell_head_chars":4096},"cells_cut":0,"cells_raw":0,"read":"whole","date_system":"1900"}

{"sheet":"Lookup","index":0,"n_rows":204,"n_cols":67,"rows_kept":204,"cut":false,"hidden":true,"merged":[]}
["Subject","Qualification","Component","Scaling",null,null,"English Literature","8ET0","GCSE","Subject AS Level","Subject A level","Subject GCSE","English Literature","English Language","English Language and Literature","French","German","Spanish","Economics A","Economics B","Business","Physical Education","Art and Design","Psychology","Drama and Theatre","Chinese","Italian","Russian","Music","Gujarati","Arabic","Greek","Japanese","Persian","Portuguese","Turkish","Urdu","English Literature","French","German","Spanish","Physical Education","Drama and Theatre","Chinese","Italian","Russian","Music Technology","Art and Design","Computer Science","Drama","Physical Education","French","German","Spanish","Arabic","Chinese","Greek","Italian","Japanese","Russian","Urdu","Geography A","Geography B","Gujarati","Persian","Portuguese","Turkish"]
["English Literature","8ET0",1,1,null,null,"English Literature","9ET0","AS level","Chinese","Arabic","Arabic","9ET0","9EN0","9EL0","9FR0","9GN0","9SP0","9EC0","9EB0","9BS0","9PE0","9AD0","9PS0","9DR0","9CN0","9IN0","9RU0","9MU0","9GU0","9AA0","9GK0","9JA0","9PN0","9PG0","9TU0","9UR0","8ET0","8FR0","8GN0","8SP0","8PE0","8DR0","8CN0","8IN0","8RU0","8MT0","1AD0","1CP1","1DR0","1PE0","1FR0","1GN0","1SP0","1AA0","1CN0","1GK0","1IN0","1JA0","1RU0","1UR0","1GA0","1GB0","1GU0","1PN0","1PG0","1TU0"]
["English Literature","8ET0",2,1.091,null,null,"English Language","9EN0","A level","Drama and Theatre","Art and Design","Art and Design",null,null,null,null,null,null,null,null,null,null,"9FA0",null,null,null,null,null,null,null,null,null,null,null,null,null,null,null,null,null,null,null,null,null,null,null,null,"1FA0",null,null,"3PE0"]
["English Literature","9ET0",1,1.5,null,null,"English Language and Literature","9EL0",null,"English Literature","Business","Chinese",null,null,null,null,null,null,null,null,null,null,"9GC0",null,null,null,null,null,null,null,null,null,null,null,null,null,null,null,null,null,null,null,null,null,null,null,null,"1GC0"]
["English Literature","9ET0",2,1.5,null,null,"French","8FR0",null,"French","Chinese","Computer Science",null,null,null,null,null,null,null,null,null,null,"9PY0",null,null,null,null,null,null,null,null,null,null,null,null,null,null,null,null,null,null,null,null,null,null,null,null,"1PY0"]
["English Literature","9ET0",3,1.5,null,null,"German","8GN0",null,"German","Drama and Theatre","Drama",null,null,null,null,null,null,null,null,null,null,"9TD0",null,null,null,null,null,null,null,null,null,null,null,null,null,null,null,null,null,null,null,null,null,null,null,null,"1TD0"]
["English Literature","9ET0",4,1,null,null,"Spanish","8SP0",null,"Italian","Economics A","French",null,null,null,null,null,null,null,null,null,null,"9TE0",null,null,null,null,null,null,null,null,null,null,null,null,null,null,null,null,null,null,null,null,null,null,null,null,"1TE0"]
["English Language","9EN0",1,1.458,null,null,"Economics A","9EC0",null,"Music Technology","Economics B","Geography A"]
["English Language","9EN0",2,1.111,null,null,"Economics B","9EB0",null,"Physical Education","English Language","Geography B"]
["English Language","9EN0",3,1.389,null,null,"Business","9BS0",null,"Russian","English Language and Literature","German"]
["English Language","9EN0",4,1,null,null,"Physical Education","8PE0",null,"Spanish","English Literature","Greek"]
["English Language and Literature","9EL0",1,2.4,null,null,"Physical Education","9PE0",null,null,"French","Gujarati"]
["English Language and Literature","9EL0",2,2.4,null,null,"Art and Design","9AD0",null,null,"German","Italian"]
["English Language and Literature","9EL0",3,1,null,null,"Art and Design","9FA0",null,null,"Greek","Japanese"]
["French","8FR0",1,1.5,64,null,"Art and Design","9GC0",null,null,"Gujarati","Persian"]
["French","8FR0",2,1.2,60,null,"Art and Design","9PY0",null,null,"Italian","Physical Education"]
["French","8FR0",3,1,72,null,"Art and Design","9TD0",null,null,"Japanese","Portuguese"]
["German","8GN0",1,1.5,null,null,"Art and Design","9TE0",null,null,"Music","Russian"]
["German","8GN0",2,1.2,null,null,"Psychology","9PS0",null,null,"Persian","Spanish"]
["German","8GN0",3,1,null,null,"Drama and Theatre","8DR0",null,null,"Physical Education","Turkish"]
["Spanish","8SP0",1,1.5,null,null,"Drama and Theatre","9DR0",null,null,"Portuguese","Urdu"]
["Spanish","8SP0",2,1.2,null,null,"French","9FR0",null,null,"Psychology"]
["Spanish","8SP0",3,1,null,null,"German","9GN0",null,null,"Russian"]
["Economics A","9EC0",1,1.173,null,null,"Spanish","9SP0",null,null,"Spanish"]
["Economics A","9EC0",2,1.173,null,null,"Chinese","8CN0",null,null,"Turkish"]
["Economics A","9EC0",3,1.0049999999999999,null,null,"Chinese","9CN0",null,null,"Urdu"]
["Economics B","9EB0",1,1.173,null,null,"Italian","8IN0"]
["Economics B","9EB0",2,1.173,null,null,"Italian","9IN0"]
["Economics B","9EB0",3,1.0049999999999999,null,null,"Russian","8RU0"]
["Business","9BS0",1,1.173,null,null,"Russian","9RU0"]
["Business","9BS0",2,1.173,null,null,"Art and Design","1AD0"]
["Business","9BS0",3,1.0049999999999999,null,null,"Art and Design","1FA0"]
["Physical Education","8PE0",1,1,null,null,"Art and Design","1GC0"]
["Physical Education","8PE0",2,1.125,null,null,"Art and Design","1PY0"]
["Physical Education","8PE0",3,1.4059999999999999,null,null,"Art and Design","1TD0"]
["Physical Education","8PE0",4,1.4059999999999999,null,null,"Art and Design","1TE0"]
["Physical Education","9PE0",1,1.0289999999999999,null,null,"Computer Science","1CP1"]
["Physical Education","9PE0",2,1.08,null,null,"Drama","1DR0"]
["Physical Education","9PE0",3,1.35,null,null,"Physical Education","1PE0"]
["Physical Education","9PE0",4,1.35,null,null,"French","1FR0"]
["Art and Design","9AD0",1,1.2,null,null,"German","1GN0"]
["Art and Design","9AD0",2,1,null,null,"Spanish","1SP0"]
["Art and Design","9FA0",1,1.2,null,null,"Arabic","1AA0"]
["Art and Design","9FA0",2,1,null,null,"Chinese","1CN0"]
["Art and Design","9GC0",1,1.2,null,null,"Greek","1GK0"]
["Art and Design","9GC0",2,1,null,null,"Italian","1IN0"]
["Art and Design","9PY0",1,1.2,null,null,"Japanese","1JA0"]
["Art and Design","9PY0",2,1,null,null,"Physical Education","3PE0"]
["Art and Design","9TD0",1,1.2,null,null,"Russian","1RU0"]
["Art and Design","9TD0",2,1,null,null,"Urdu","1UR0"]
["Art and Design","9TE0",1,1.2,null,null,"Music Technology","8MT0"]
["Art and Design","9TE0",2,1,null,null,"Music","9MU0"]
["Psychology","9PS0",1,1.05,null,null,"Gujarati","9GU0"]
["Psychology","9PS0",2,1.05,null,null,"Arabic","9AA0"]
["Psychology","9PS0",3,1.0129999999999999,null,null,"Greek","9GK0"]
["Drama and Theatre","8DR0",1,1,null,null,"Japanese","9JA0"]
["Drama and Theatre","8DR0",2,1.333,null,null,"Persian","9PN0"]
["Drama and Theatre","9DR0",1,1.5,null,null,"Portuguese","9PG0"]
["Drama and Theatre","9DR0",2,1,null,null,"Turkish","9TU0"]
["Drama and Theatre","9DR0",3,1.5,null,null,"Urdu","9UR0"]
["French","9FR0",1,2,null,null,"Geography A","1GA0"]
["French","9FR0",2,1,null,null,"Geography B","1GB0"]
["French","9FR0",3,1.667,null,null,"Gujarati","1GU0"]
["German","9GN0",1,2,null,null,"Persian","1PN0"]
["German","9GN0",2,1,null,null,"Portuguese","1PG0"]
["German","9GN0",3,1.667,null,null,"Turkish","1TU0"]
["Spanish","9SP0",1,2]
["Spanish","9SP0",2,1]
["Spanish","9SP0",3,1.667]
["Chinese","8CN0",1,1.5]
["Chinese","8CN0",2,1.2]
["Chinese","8CN0",3,1]
["Chinese","9CN0",1,2]
["Chinese","9CN0",2,1]
["Chinese","9CN0",3,1.667]
["Italian","8IN0",1,1.5]
["Italian","8IN0",2,1.2]
["Italian","8IN0",3,1]
["Italian","9IN0",1,2]
["Italian","9IN0",2,1]
["Italian","9IN0",3,1.667]
["Russian","8RU0",1,1.5]
["Russian","8RU0",2,1.2]
["Russian","8RU0",3,1]
["Russian","9RU0",1,2]
["Russian","9RU0",2,1]
["Russian","9RU0",3,1.667]
["Art and Design","1AD0",1,1.5]
["Art and Design","1AD0",2,1]
["Art and Design","1FA0",1,1.5]
["Art and Design","1FA0",2,1]
["Art and Design","1GC0",1,1.5]
["Art and Design","1GC0",2,1]
["Art and Design","1PY0",1,1.5]
["Art and Design","1PY0",2,1]
["Art and Design","1TD0",1,1.5]
["Art and Design","1TD0",2,1]
["Art and Design","1TE0",1,1.5]
["Art and Design","1TE0",2,1]
["Computer Science","1CP1",1,1.5]
["Computer Science","1CP1",2,1.5]
["Computer Science","1CP1",3,1]
["Drama","1DR0",1,1.6]
["Drama","1DR0",2,1]
["Drama","1DR0",3,1.6]
["Physical Education","1PE0",1,1.4]
["Physical Education","1PE0",2,1.2]
["Physical Education","1PE0",3,1]
["Physical Education","1PE0",4,1.75]
["French","1FR0",1,1.4]
["French","1FR0",2,1]
["French","1FR0",3,1.4]
["French","1FR0",4,1.167]
["German","1GN0",1,1.4]
["German","1GN0",2,1]
["German","1GN0",3,1.4]
["German","1GN0",4,1.167]
["Spanish","1SP0",1,1.4]
["Spanish","1SP0",2,1]
["Spanish","1SP0",3,1.4]
["Spanish","1SP0",4,1.167]
["Arabic","1AA0",1,1.4]
["Arabic","1AA0",2,1]
["Arabic","1AA0",3,1.4]
["Arabic","1AA0",4,1.167]
["Chinese","1CN0",1,1.4]
["Chinese","1CN0",2,1]
["Chinese","1CN0",3,1.4]
["Chinese","1CN0",4,1.167]
["Greek","1GK0",1,1.4]
["Greek","1GK0",2,1]
["Greek","1GK0",3,1.4]
["Greek","1GK0",4,1.167]
["Italian","1IN0",1,1.4]
["Italian","1IN0",2,1]
["Italian","1IN0",3,1.4]
["Italian","1IN0",4,1.167]
["Japanese","1JA0",1,1.4]
["Japanese","1JA0",2,1]
["Japanese","1JA0",3,1.4]
["Japanese","1JA0",4,1.167]
["Physical Education","3PE0",1,1.3129999999999999]
["Physical Education","3PE0",2,1]
["Russian","1RU0",1,1.4]
["Russian","1RU0",2,1]
["Russian","1RU0",3,1.4]
["Russian","1RU0",4,1.167]
["Urdu","1UR0",1,1.4]
["Urdu","1UR0",2,1]
["Urdu","1UR0",3,1.4]
["Urdu","1UR0",4,1.167]
["Music Technology","8MT0",1,1]
["Music Technology","8MT0",2,1]
["Music Technology","8MT0",3,1.25]
["Music Technology","8MT0",4,1.25]
["Music","9MU0",1,1.25]
["Music","9MU0",2,1.25]
["Music","9MU0",3,1]
["Gujarati","9GU0",1,1.85]
["Gujarati","9GU0",2,1.0089999999999999]
["Gujarati","9GU0",3,1.85]
["Arabic","9AA0",1,1.85]
["Arabic","9AA0",2,1.0089999999999999]
["Arabic","9AA0",3,1.85]
["Greek","9GK0",1,1.85]
["Greek","9GK0",2,1.0089999999999999]
["Greek","9GK0",3,1.85]
["Japanese","9JA0",1,1.85]
["Japanese","9JA0",2,1.0089999999999999]
["Japanese","9JA0",3,1.85]
["Persian","9PN0",1,1.85]
["Persian","9PN0",2,1.0089999999999999]
["Persian","9PN0",3,1.85]
["Portuguese","9PG0",1,1.85]
["Portuguese","9PG0",2,1.0089999999999999]
["Portuguese","9PG0",3,1.85]
["Turkish","9TU0",1,1.85]
["Turkish","9TU0",2,1.0089999999999999]
["Turkish","9TU0",3,1.85]
["Urdu","9UR0",1,1.85]
["Urdu","9UR0",2,1.0089999999999999]
["Urdu","9UR0",3,1.85]
["Geography A","1GA0",1,1.0209999999999999]
["Geography A","1GA0",2,1.0209999999999999]
["Geography A","1GA0",3,1]
["Geography B","1GB0",1,1.0209999999999999]
["Geography B","1GB0",2,1.0209999999999999]
["Geography B","1GB0",3,1]
["Gujarati","1GU0",1,1.4]
["Gujarati","1GU0",2,1]
["Gujarati","1GU0",3,1.4]
["Gujarati","1GU0",4,1.167]
["Persian","1PN0",1,1.4]
["Persian","1PN0",2,1]
["Persian","1PN0",3,1.4]
["Persian","1PN0",4,1.167]
["Portuguese","1PG0",1,1.4]
["Portuguese","1PG0",2,1]
["Portuguese","1PG0",3,1.4]
["Portuguese","1PG0",4,1.167]
["Turkish","1TU0",1,1.4]
["Turkish","1TU0",2,1]
["Turkish","1TU0",3,1.4]
["Turkish","1TU0",4,1.167]

{"sheet":"Subject raw marks data","index":1,"n_rows":142,"n_cols":203,"rows_kept":142,"cut":false,"hidden":true,"merged":[]}
["1AA0 Comp 1","1AA0 Comp 2","1AA0 Comp 3","1AA0 Comp 4","1AD0 Comp 1","1AD0 Comp 2","1CN0 Comp 1","1CN0 Comp 2","1CN0 Comp 3","1CN0 Comp 4","1CP1 Comp 1","1CP1 Comp 2","1CP1 Comp 3","1DR0 Comp 1","1DR0 Comp 2","1DR0 Comp 3","1FA0 Comp 1","1FA0 Comp 2","1FR0 Comp 1","1FR0 Comp 2","1FR0 Comp 3","1FR0 Comp 4","1GA0 Comp 1","1GA0 Comp 2","1GA0 Comp 3","1GB0 Comp 1","1GB0 Comp 2","1GB0 Comp 3","1GC0 Comp 1","1GC0 Comp 2","1GK0 Comp 1","1GK0 Comp 2","1GK0 Comp 3","1GK0 Comp 4","1GN0 Comp 1","1GN0 Comp 2","1GN0 Comp 3","1GN0 Comp 4","1GU0 Comp 1","1GU0 Comp 2","1GU0 Comp 3","1GU0 Comp 4","1IN0 Comp 1","1IN0 Comp 2","1IN0 Comp 3","1IN0 Comp 4","1JA0 Comp 1","1JA0 Comp 2","1JA0 Comp 3","1JA0 Comp 4","1PE0 Comp 1","1PE0 Comp 2","1PE0 Comp 3","1PE0 Comp 4","1PG0 Comp 1","1PG0 Comp 2","1PG0 Comp 3","1PG0 Comp 4","1PN0 Comp 1","1PN0 Comp 2","1PN0 Comp 3","1PN0 Comp 4","1PY0 Comp 1","1PY0 Comp 2","1RU0 Comp 1","1RU0 Comp 2","1RU0 Comp 3","1RU0 Comp 4","1SP0 Comp 1","1SP0 Comp 2","1SP0 Comp 3","1SP0 Comp 4","1TD0 Comp 1","1TD0 Comp 2","1TE0 Comp 1","1TE0 Comp 2","1TU0 Comp 1","1TU0 Comp 2","1TU0 Comp 3","1TU0 Comp 4","1UR0 Comp 1","1UR0 Comp 2","1UR0 Comp 3","1UR0 Comp 4","3PE0 Comp 1","3PE0 Comp 2","8CN0 Comp 1","8CN0 Comp 2","8CN0 Comp 3","8DR0 Comp 1","8DR0 Comp 2","8ET0 Comp 1","8ET0 Comp 2","8FR0 Comp 1","8FR0 Comp 2","8FR0 Comp 3","8GN0 Comp 1","8GN0 Comp 2","8GN0 Comp 3","8IN0 Comp 1","8IN0 Comp 2","8IN0 Comp 3","8MT0 Comp 1","8MT0 Comp 2","8MT0 Comp 3","8MT0 Comp 4","8PE0 Comp 1","8PE0 Comp 2","8PE0 Comp 3","8PE0 Comp 4","8RU0 Comp 1","8RU0 Comp 2","8RU0 Comp 3","8SP0 Comp 1","8SP0 Comp 2","8SP0 Comp 3","9AA0 Comp 1","9AA0 Comp 2","9AA0 Comp 3","9AD0 Comp 1","9AD0 Comp 2","9BS0 Comp 1","9BS0 Comp 2","9BS0 Comp 3","9CN0 Comp 1","9CN0 Comp 2","9CN0 Comp 3","9DR0 Comp 1","9DR0 Comp 2","9DR0 Comp 3","9EB0 Comp 1","9EB0 Comp 2","9EB0 Comp 3","9EC0 Comp 1","9EC0 Comp 2","9EC0 Comp 3","9EL0 Comp 1","9EL0 Comp 2","9EL0 Comp 3","9EN0 Comp 1","9EN0 Comp 2","9EN0 Comp 3","9EN0 Comp 4","9ET0 Comp 1","9ET0 Comp 2","9ET0 Comp 3","9ET0 Comp 4","9FA0 Comp 1","9FA0 Comp 2","9FR0 Comp 1","9FR0 Comp 2","9FR0 Comp 3","9GC0 Comp 1","9GC0 Comp 2","9GK0 Comp 1","9GK0 Comp 2","9GK0 Comp 3","9GN0 Comp 1","9GN0 Comp 2","9GN0 Comp 3","9GU0 Comp 1","9GU0 Comp 2","9GU0 Comp 3","9IN0 Comp 1","9IN0 Comp 2","9IN0 Comp 3","9JA0 Comp 1","9JA0 Comp 2","9JA0 Comp 3","9MU0 Comp 1","9MU0 Comp 2","9MU0 Comp 3","9PE0 Comp 1","9PE0 Comp 2","9PE0 Comp 3","9PE0 Comp 4","9PG0 Comp 1","9PG0 Comp 2","9PG0 Comp 3","9PN0 Comp 1","9PN0 Comp 2","9PN0 Comp 3","9PS0 Comp 1","9PS0 Comp 2","9PS0 Comp 3","9PY0 Comp 1","9PY0 Comp 2","9RU0 Comp 1","9RU0 Comp 2","9RU0 Comp 3","9SP0 Comp 1","9SP0 Comp 2","9SP0 Comp 3","9TD0 Comp 1","9TD0 Comp 2","9TE0 Comp 1","9TE0 Comp 2","9TU0 Comp 1","9TU0 Comp 2","9TU0 Comp 3","9UR0 Comp 1","9UR0 Comp 2","9UR0 Comp 3"]
[0,0,0,0,0,0,0,0,0,0,0,0,0,0,0,0,0,0,0,0,0,0,0,0,0,0,0,0,0,0,0,0,0,0,0,0,0,0,0,0,0,0,0,0,0,0,0,0,0,0,0,0,0,0,0,0,0,0,0,0,0,0,0,0,0,0,0,0,0,0,0,0,0,0,0,0,0,0,0,0,0,0,0,0,0,0,0,0,0,0,0,0,0,0,0,0,0,0,0,0,0,0,0,0,0,0,0,0,0,0,0,0,0,0,0,0,0,0,0,0,0,0,0,0,0,0,0,0,0,0,0,0,0,0,0,0,0,0,0,0,0,0,0,0,0,0,0,0,0,0,0,0,0,0,0,0,0,0,0,0,0,0,0,0,0,0,0,0,0,0,0,0,0,0,0,0,0,0,0,0,0,0,0,0,0,0,0,0,0,0,0,0,0,0,0,0,0,0,0,0,0,0,0]
[1,1,1,1,1,1,1,1,1,1,1,1,1,1,1,1,1,1,1,1,1,1,1,1,1,1,1,1,1,1,1,1,1,1,1,1,1,1,1,1,1,1,1,1,1,1,1,1,1,1,1,1,1,1,1,1,1,1,1,1,1,1,1,1,1,1,1,1,1,1,1,1,1,1,1,1,1,1,1,1,1,1,1,1,1,1,1,1,1,1,1,1,1,1,1,1,1,1,1,1,1,1,1,1,1,1,1,1,1,1,1,1,1,1,1,1,1,1,1,1,1,1,1,1,1,1,1,1,1,1,1,1,1,1,1,1,1,1,1,1,1,1,1,1,1,1,1,1,1,1,1,1,1,1,1,1,1,1,1,1,1,1,1,1,1,1,1,1,1,1,1,1,1,1,1,1,1,1,1,1,1,1,1,1,1,1,1,1,1,1,1,1,1,1,1,1,1,1,1,1,1,1,1]
[2,2,2,2,2,2,2,2,2,2,2,2,2,2,2,2,2,2,2,2,2,2,2,2,2,2,2,2,2,2,2,2,2,2,2,2,2,2,2,2,2,2,2,2,2,2,2,2,2,2,2,2,2,2,2,2,2,2,2,2,2,2,2,2,2,2,2,2,2,2,2,2,2,2,2,2,2,2,2,2,2,2,2,2,2,2,2,2,2,2,2,2,2,2,2,2,2,2,2,2,2,2,2,2,2,2,2,2,2,2,2,2,2,2,2,2,2,2,2,2,2,2,2,2,2,2,2,2,2,2,2,2,2,2,2,2,2,2,2,2,2,2,2,2,2,2,2,2,2,2,2,2,2,2,2,2,2,2,2,2,2,2,2,2,2,2,2,2,2,2,2,2,2,2,2,2,2,2,2,2,2,2,2,2,2,2,2,2,2,2,2,2,2,2,2,2,2,2,2,2,2,2,2]
[3,3,3,3,3,3,3,3,3,3,3,3,3,3,3,3,3,3,3,3,3,3,3,3,3,3,3,3,3,3,3,3,3,3,3,3,3,3,3,3,3,3,3,3,3,3,3,3,3,3,3,3,3,3,3,3,3,3,3,3,3,3,3,3,3,3,3,3,3,3,3,3,3,3,3,3,3,3,3,3,3,3,3,3,3,3,3,3,3,3,3,3,3,3,3,3,3,3,3,3,3,3,3,3,3,3,3,3,3,3,3,3,3,3,3,3,3,3,3,3,3,3,3,3,3,3,3,3,3,3,3,3,3,3,3,3,3,3,3,3,3,3,3,3,3,3,3,3,3,3,3,3,3,3,3,3,3,3,3,3,3,3,3,3,3,3,3,3,3,3,3,3,3,3,3,3,3,3,3,3,3,3,3,3,3,3,3,3,3,3,3,3,3,3,3,3,3,3,3,3,3,3,3]
[4,4,4,4,4,4,4,4,4,4,4,4,4,4,4,4,4,4,4,4,4,4,4,4,4,4,4,4,4,4,4,4,4,4,4,4,4,4,4,4,4,4,4,4,4,4,4,4,4,4,4,4,4,4,4,4,4,4,4,4,4,4,4,4,4,4,4,4,4,4,4,4,4,4,4,4,4,4,4,4,4,4,4,4,4,4,4,4,4,4,4,4,4,4,4,4,4,4,4,4,4,4,4,4,4,4,4,4,4,4,4,4,4,4,4,4,4,4,4,4,4,4,4,4,4,4,4,4,4,4,4,4,4,4,4,4,4,4,4,4,4,4,4,4,4,4,4,4,4,4,4,4,4,4,4,4,4,4,4,4,4,4,4,4,4,4,4,4,4,4,4,4,4,4,4,4,4,4,4,4,4,4,4,4,4,4,4,4,4,4,4,4,4,4,4,4,4,4,4,4,4,4,4]
[5,5,5,5,5,5,5,5,5,5,5,5,5,5,5,5,5,5,5,5,5,5,5,5,5,5,5,5,5,5,5,5,5,5,5,5,5,5,5,5,5,5,5,5,5,5,5,5,5,5,5,5,5,5,5,5,5,5,5,5,5,5,5,5,5,5,5,5,5,5,5,5,5,5,5,5,5,5,5,5,5,5,5,5,5,5,5,5,5,5,5,5,5,5,5,5,5,5,5,5,5,5,5,5,5,5,5,5,5,5,5,5,5,5,5,5,5,5,5,5,5,5,5,5,5,5,5,5,5,5,5,5,5,5,5,5,5,5,5,5,5,5,5,5,5,5,5,5,5,5,5,5,5,5,5,5,5,5,5,5,5,5,5,5,5,5,5,5,5,5,5,5,5,5,5,5,5,5,5,5,5,5,5,5,5,5,5,5,5,5,5,5,5,5,5,5,5,5,5,5,5,5,5]
[6,6,6,6,6,6,6,6,6,6,6,6,6,6,6,6,6,6,6,6,6,6,6,6,6,6,6,6,6,6,6,6,6,6,6,6,6,6,6,6,6,6,6,6,6,6,6,6,6,6,6,6,6,6,6,6,6,6,6,6,6,6,6,6,6,6,6,6,6,6,6,6,6,6,6,6,6,6,6,6,6,6,6,6,6,6,6,6,6,6,6,6,6,6,6,6,6,6,6,6,6,6,6,6,6,6,6,6,6,6,6,6,6,6,6,6,6,6,6,6,6,6,6,6,6,6,6,6,6,6,6,6,6,6,6,6,6,6,6,6,6,6,6,6,6,6,6,6,6,6,6,6,6,6,6,6,6,6,6,6,6,6,6,6,6,6,6,6,6,6,6,6,6,6,6,6,6,6,6,6,6,6,6,6,6,6,6,6,6,6,6,6,6,6,6,6,6,6,6,6,6,6,6]
[7,7,7,7,7,7,7,7,7,7,7,7,7,7,7,7,7,7,7,7,7,7,7,7,7,7,7,7,7,7,7,7,7,7,7,7,7,7,7,7,7,7,7,7,7,7,7,7,7,7,7,7,7,7,7,7,7,7,7,7,7,7,7,7,7,7,7,7,7,7,7,7,7,7,7,7,7,7,7,7,7,7,7,7,7,7,7,7,7,7,7,7,7,7,7,7,7,7,7,7,7,7,7,7,7,7,7,7,7,7,7,7,7,7,7,7,7,7,7,7,7,7,7,7,7,7,7,7,7,7,7,7,7,7,7,7,7,7,7,7,7,7,7,7,7,7,7,7,7,7,7,7,7,7,7,7,7,7,7,7,7,7,7,7,7,7,7,7,7,7,7,7,7,7,7,7,7,7,7,7,7,7,7,7,7,7,7,7,7,7,7,7,7,7,7,7,7,7,7,7,7,7,7]
[8,8,8,8,8,8,8,8,8,8,8,8,8,8,8,8,8,8,8,8,8,8,8,8,8,8,8,8,8,8,8,8,8,8,8,8,8,8,8,8,8,8,8,8,8,8,8,8,8,8,8,8,8,8,8,8,8,8,8,8,8,8,8,8,8,8,8,8,8,8,8,8,8,8,8,8,8,8,8,8,8,8,8,8,8,8,8,8,8,8,8,8,8,8,8,8,8,8,8,8,8,8,8,8,8,8,8,8,8,8,8,8,8,8,8,8,8,8,8,8,8,8,8,8,8,8,8,8,8,8,8,8,8,8,8,8,8,8,8,8,8,8,8,8,8,8,8,8,8,8,8,8,8,8,8,8,8,8,8,8,8,8,8,8,8,8,8,8,8,8,8,8,8,8,8,8,8,8,8,8,8,8,8,8,8,8,8,8,8,8,8,8,8,8,8,8,8,8,8,8,8,8,8]
[9,9,9,9,9,9,9,9,9,9,9,9,9,9,9,9,9,9,9,9,9,9,9,9,9,9,9,9,9,9,9,9,9,9,9,9,9,9,9,9,9,9,9,9,9,9,9,9,9,9,9,9,9,9,9,9,9,9,9,9,9,9,9,9,9,9,9,9,9,9,9,9,9,9,9,9,9,9,9,9,9,9,9,9,9,9,9,9,9,9,9,9,9,9,9,9,9,9,9,9,9,9,9,9,9,9,9,9,9,9,9,9,9,9,9,9,9,9,9,9,9,9,9,9,9,9,9,9,9,9,9,9,9,9,9,9,9,9,9,9,9,9,9,9,9,9,9,9,9,9,9,9,9,9,9,9,9,9,9,9,9,9,9,9,9,9,9,9,9,9,9,9,9,9,9,9,9,9,9,9,9,9,9,9,9,9,9,9,9,9,9,9,9,9,9,9,9,9,9,9,9,9,9]
[10,10,10,10,10,10,10,10,10,10,10,10,10,10,10,10,10,10,10,10,10,10,10,10,10,10,10,10,10,10,10,10,10,10,10,10,10,10,10,10,10,10,10,10,10,10,10,10,10,10,10,10,10,10,10,10,10,10,10,10,10,10,10,10,10,10,10,10,10,10,10,10,10,10,10,10,10,10,10,10,10,10,10,10,10,10,10,10,10,10,10,10,10,10,10,10,10,10,10,10,10,10,10,10,10,10,10,10,10,10,10,10,10,10,10,10,10,10,10,10,10,10,10,10,10,10,10,10,10,10,10,10,10,10,10,10,10,10,10,10,10,10,10,10,10,10,10,10,10,10,10,10,10,10,10,10,10,10,10,10,10,10,10,10,10,10,10,10,10,10,10,10,10,10,10,10,10,10,10,10,10,10,10,10,10,10,10,10,10,10,10,10,10,10,10,10,10,10,10,10,10,10,10]
[11,11,11,11,11,11,11,11,11,11,11,11,11,11,11,11,11,11,11,11,11,11,11,11,11,11,11,11,11,11,11,11,11,11,11,11,11,11,11,11,11,11,11,11,11,11,11,11,11,11,11,11,11,11,11,11,11,11,11,11,11,11,11,11,11,11,11,11,11,11,11,11,11,11,11,11,11,11,11,11,11,11,11,11,11,11,11,11,11,11,11,11,11,11,11,11,11,11,11,11,11,11,11,11,11,11,11,11,11,11,11,11,11,11,11,11,11,11,11,11,11,11,11,11,11,11,11,11,11,11,11,11,11,11,11,11,11,11,11,11,11,11,11,11,11,11,11,11,11,11,11,11,11,11,11,11,11,11,11,11,11,11,11,11,11,11,11,11,11,11,11,11,11,11,11,11,11,11,11,11,11,11,11,11,11,11,11,11,11,11,11,11,11,11,11,11,11,11,11,11,11,11,11]
[12,12,12,12,12,12,12,12,12,12,12,12,12,12,12,12,12,12,12,12,12,12,12,12,12,12,12,12,12,12,12,12,12,12,12,12,12,12,12,12,12,12,12,12,12,12,12,12,12,12,12,12,12,12,12,12,12,12,12,12,12,12,12,12,12,12,12,12,12,12,12,12,12,12,12,12,12,12,12,12,12,12,12,12,12,12,12,12,12,12,12,12,12,12,12,12,12,12,12,12,12,12,12,12,12,12,12,12,12,12,12,12,12,12,12,12,12,12,12,12,12,12,12,12,12,12,12,12,12,12,12,12,12,12,12,12,12,12,12,12,12,12,12,12,12,12,12,12,12,12,12,12,12,12,12,12,12,12,12,12,12,12,12,12,12,12,12,12,12,12,12,12,12,12,12,12,12,12,12,12,12,12,12,12,12,12,12,12,12,12,12,12,12,12,12,12,12,12,12,12,12,12,12]
[13,13,13,13,13,13,13,13,13,13,13,13,13,13,13,13,13,13,13,13,13,13,13,13,13,13,13,13,13,13,13,13,13,13,13,13,13,13,13,13,13,13,13,13,13,13,13,13,13,13,13,13,13,13,13,13,13,13,13,13,13,13,13,13,13,13,13,13,13,13,13,13,13,13,13,13,13,13,13,13,13,13,13,13,13,13,13,13,13,13,13,13,13,13,13,13,13,13,13,13,13,13,13,13,13,13,13,13,13,13,13,13,13,13,13,13,13,13,13,13,13,13,13,13,13,13,13,13,13,13,13,13,13,13,13,13,13,13,13,13,13,13,13,13,13,13,13,13,13,13,13,13,13,13,13,13,13,13,13,13,13,13,13,13,13,13,13,13,13,13,13,13,13,13,13,13,13,13,13,13,13,13,13,13,13,13,13,13,13,13,13,13,13,13,13,13,13,13,13,13,13,13,13]
[14,14,14,14,14,14,14,14,14,14,14,14,14,14,14,14,14,14,14,14,14,14,14,14,14,14,14,14,14,14,14,14,14,14,14,14,14,14,14,14,14,14,14,14,14,14,14,14,14,14,14,14,14,14,14,14,14,14,14,14,14,14,14,14,14,14,14,14,14,14,14,14,14,14,14,14,14,14,14,14,14,14,14,14,14,14,14,14,14,14,14,14,14,14,14,14,14,14,14,14,14,14,14,14,14,14,14,14,14,14,14,14,14,14,14,14,14,14,14,14,14,14,14,14,14,14,14,14,14,14,14,14,14,14,14,14,14,14,14,14,14,14,14,14,14,14,14,14,14,14,14,14,14,14,14,14,14,14,14,14,14,14,14,14,14,14,14,14,14,14,14,14,14,14,14,14,14,14,14,14,14,14,14,14,14,14,14,14,14,14,14,14,14,14,14,14,14,14,14,14,14,14,14]
[15,15,15,15,15,15,15,15,15,15,15,15,15,15,15,15,15,15,15,15,15,15,15,15,15,15,15,15,15,15,15,15,15,15,15,15,15,15,15,15,15,15,15,15,15,15,15,15,15,15,15,15,15,15,15,15,15,15,15,15,15,15,15,15,15,15,15,15,15,15,15,15,15,15,15,15,15,15,15,15,15,15,15,15,15,15,15,15,15,15,15,15,15,15,15,15,15,15,15,15,15,15,15,15,15,15,15,15,15,15,15,15,15,15,15,15,15,15,15,15,15,15,15,15,15,15,15,15,15,15,15,15,15,15,15,15,15,15,15,15,15,15,15,15,15,15,15,15,15,15,15,15,15,15,15,15,15,15,15,15,15,15,15,15,15,15,15,15,15,15,15,15,15,15,15,15,15,15,15,15,15,15,15,15,15,15,15,15,15,15,15,15,15,15,15,15,15,15,15,15,15,15,15]
[16,16,16,16,16,16,16,16,16,16,16,16,16,16,16,16,16,16,16,16,16,16,16,16,16,16,16,16,16,16,16,16,16,16,16,16,16,16,16,16,16,16,16,16,16,16,16,16,16,16,16,16,16,16,16,16,16,16,16,16,16,16,16,16,16,16,16,16,16,16,16,16,16,16,16,16,16,16,16,16,16,16,16,16,16,16,16,16,16,16,16,16,16,16,16,16,16,16,16,16,16,16,16,16,16,16,16,16,16,16,16,16,16,16,16,16,16,16,16,16,16,16,16,16,16,16,16,16,16,16,16,16,16,16,16,16,16,16,16,16,16,16,16,16,16,16,16,16,16,16,16,16,16,16,16,16,16,16,16,16,16,16,16,16,16,16,16,16,16,16,16,16,16,16,16,16,16,16,16,16,16,16,16,16,16,16,16,16,16,16,16,16,16,16,16,16,16,16,16,16,16,16,16]
[17,17,17,17,17,17,17,17,17,17,17,17,17,17,17,17,17,17,17,17,17,17,17,17,17,17,17,17,17,17,17,17,17,17,17,17,17,17,17,17,17,17,17,17,17,17,17,17,17,17,17,17,17,17,17,17,17,17,17,17,17,17,17,17,17,17,17,17,17,17,17,17,17,17,17,17,17,17,17,17,17,17,17,17,17,17,17,17,17,17,17,17,17,17,17,17,17,17,17,17,17,17,17,17,17,17,17,17,17,17,17,17,17,17,17,17,17,17,17,17,17,17,17,17,17,17,17,17,17,17,17,17,17,17,17,17,17,17,17,17,17,17,17,17,17,17,17,17,17,17,17,17,17,17,17,17,17,17,17,17,17,17,17,17,17,17,17,17,17,17,17,17,17,17,17,17,17,17,17,17,17,17,17,17,17,17,17,17,17,17,17,17,17,17,17,17,17,17,17,17,17,17,17]
[18,18,18,18,18,18,18,18,18,18,18,18,18,18,18,18,18,18,18,18,18,18,18,18,18,18,18,18,18,18,18,18,18,18,18,18,18,18,18,18,18,18,18,18,18,18,18,18,18,18,18,18,18,18,18,18,18,18,18,18,18,18,18,18,18,18,18,18,18,18,18,18,18,18,18,18,18,18,18,18,18,18,18,18,18,18,18,18,18,18,18,18,18,18,18,18,18,18,18,18,18,18,18,18,18,18,18,18,18,18,18,18,18,18,18,18,18,18,18,18,18,18,18,18,18,18,18,18,18,18,18,18,18,18,18,18,18,18,18,18,18,18,18,18,18,18,18,18,18,18,18,18,18,18,18,18,18,18,18,18,18,18,18,18,18,18,18,18,18,18,18,18,18,18,18,18,18,18,18,18,18,18,18,18,18,18,18,18,18,18,18,18,18,18,18,18,18,18,18,18,18,18,18]
[19,19,19,19,19,19,19,19,19,19,19,19,19,19,19,19,19,19,19,19,19,19,19,19,19,19,19,19,19,19,19,19,19,19,19,19,19,19,19,19,19,19,19,19,19,19,19,19,19,19,19,19,19,19,19,19,19,19,19,19,19,19,19,19,19,19,19,19,19,19,19,19,19,19,19,19,19,19,19,19,19,19,19,19,19,19,19,19,19,19,19,19,19,19,19,19,19,19,19,19,19,19,19,19,19,19,19,19,19,19,19,19,19,19,19,19,19,19,19,19,19,19,19,19,19,19,19,19,19,19,19,19,19,19,19,19,19,19,19,19,19,19,19,19,19,19,19,19,19,19,19,19,19,19,19,19,19,19,19,19,19,19,19,19,19,19,19,19,19,19,19,19,19,19,19,19,19,19,19,19,19,19,19,19,19,19,19,19,19,19,19,19,19,19,19,19,19,19,19,19,19,19,19]
[20,20,20,20,20,20,20,20,20,20,20,20,20,20,20,20,20,20,20,20,20,20,20,20,20,20,20,20,20,20,20,20,20,20,20,20,20,20,20,20,20,20,20,20,20,20,20,20,20,20,20,20,20,20,20,20,20,20,20,20,20,20,20,20,20,20,20,20,20,20,20,20,20,20,20,20,20,20,20,20,20,20,20,20,20,20,20,20,20,20,20,20,20,20,20,20,20,20,20,20,20,20,20,20,20,20,20,20,20,20,20,20,20,20,20,20,20,20,20,20,20,20,20,20,20,20,20,20,20,20,20,20,20,20,20,20,20,20,20,20,20,20,20,20,20,20,20,20,20,20,20,20,20,20,20,20,20,20,20,20,20,20,20,20,20,20,20,20,20,20,20,20,20,20,20,20,20,20,20,20,20,20,20,20,20,20,20,20,20,20,20,20,20,20,20,20,20,20,20,20,20,20,20]
[21,21,21,21,21,21,21,21,21,21,21,21,21,21,21,21,21,21,21,21,21,21,21,21,21,21,21,21,21,21,21,21,21,21,21,21,21,21,21,21,21,21,21,21,21,21,21,21,21,21,21,21,21,null,21,21,21,21,21,21,21,21,21,21,21,21,21,21,21,21,21,21,21,21,21,21,21,21,21,21,21,21,21,21,21,21,21,21,21,21,21,21,21,21,21,21,21,21,21,21,21,21,21,21,21,21,21,21,21,21,21,21,21,21,21,21,21,21,21,21,21,21,21,21,21,21,21,21,21,21,21,21,21,21,21,21,21,21,21,21,21,21,21,21,21,21,21,21,21,21,21,21,21,21,21,21,21,21,21,21,21,21,21,21,21,21,21,21,21,21,21,21,21,21,21,21,21,21,21,21,21,21,21,21,21,21,21,21,21,21,21,21,21,21,21,21,21,21,21,21,21,21,21]
[22,22,22,22,22,22,22,22,22,22,22,22,22,22,22,22,22,22,22,22,22,22,22,22,22,22,22,22,22,22,22,22,22,22,22,22,22,22,22,22,22,22,22,22,22,22,22,22,22,22,22,22,22,null,22,22,22,22,22,22,22,22,22,22,22,22,22,22,22,22,22,22,22,22,22,22,22,22,22,22,22,22,22,22,22,22,22,22,22,22,22,22,22,22,22,22,22,22,22,22,22,22,22,22,22,22,22,22,22,22,22,22,22,22,22,22,22,22,22,22,22,22,22,22,22,22,22,22,22,22,22,22,22,22,22,22,22,22,22,22,22,22,22,22,22,22,22,22,22,22,22,22,22,22,22,22,22,22,22,22,22,22,22,22,22,22,22,22,22,22,22,22,22,22,22,22,22,22,22,22,22,22,22,22,22,22,22,22,22,22,22,22,22,22,22,22,22,22,22,22,22,22,22]
[23,23,23,23,23,23,23,23,23,23,23,23,23,23,23,23,23,23,23,23,23,23,23,23,23,23,23,23,23,23,23,23,23,23,23,23,23,23,23,23,23,23,23,23,23,23,23,23,23,23,23,23,23,null,23,23,23,23,23,23,23,23,23,23,23,23,23,23,23,23,23,23,23,23,23,23,23,23,23,23,23,23,23,23,23,23,23,23,23,23,23,23,23,23,23,23,23,23,23,23,23,23,23,23,23,23,23,23,23,23,23,23,23,23,23,23,23,23,23,23,23,23,23,23,23,23,23,23,23,23,23,23,23,23,23,23,23,23,23,23,23,23,23,23,23,23,23,23,23,23,23,23,23,23,23,23,23,23,23,23,23,23,23,23,23,23,23,23,23,23,23,23,23,23,23,23,23,23,23,23,23,23,23,23,23,23,23,23,23,23,23,23,23,23,23,23,23,23,23,23,23,23,23]
[24,24,24,24,24,24,24,24,24,24,24,24,24,24,24,24,24,24,24,24,24,24,24,24,24,24,24,24,24,24,24,24,24,24,24,24,24,24,24,24,24,24,24,24,24,24,24,24,24,24,24,24,24,null,24,24,24,24,24,24,24,24,24,24,24,24,24,24,24,24,24,24,24,24,24,24,24,24,24,24,24,24,24,24,24,24,24,24,24,24,24,24,24,24,24,24,24,24,24,24,24,24,24,24,24,24,24,24,24,24,24,24,24,24,24,24,24,24,24,24,24,24,24,24,24,24,24,24,24,24,24,24,24,24,24,24,24,24,24,24,24,24,24,24,24,24,24,24,24,24,24,24,24,24,24,24,24,24,24,24,24,24,24,24,24,24,24,24,24,24,24,24,24,24,24,24,24,24,24,24,24,24,24,24,24,24,24,24,24,24,24,24,24,24,24,24,24,24,24,24,24,24,24]
[25,25,25,25,25,25,25,25,25,25,25,25,25,25,25,25,25,25,25,25,25,25,25,25,25,25,25,25,25,25,25,25,25,25,25,25,25,25,25,25,25,25,25,25,25,25,25,25,25,25,25,25,25,null,25,25,25,25,25,25,25,25,25,25,25,25,25,25,25,25,25,25,25,25,25,25,25,25,25,25,25,25,25,25,25,25,25,25,25,25,25,25,25,25,25,25,25,25,25,25,25,25,25,25,25,25,25,25,null,null,25,25,25,25,25,25,25,25,25,25,25,25,25,25,25,25,25,25,25,25,25,25,25,25,25,25,25,25,25,25,25,25,25,25,25,25,25,25,25,25,25,25,25,25,25,25,25,25,25,25,25,25,25,25,25,25,25,25,25,25,25,25,25,25,25,25,25,25,25,25,25,25,25,25,25,25,25,25,25,25,25,25,25,25,25,25,25,25,25,25,25,25,25]
[26,26,26,26,26,26,26,26,26,26,26,26,26,26,26,26,26,26,26,26,26,26,26,26,26,26,26,26,26,26,26,26,26,26,26,26,26,26,26,26,26,26,26,26,26,26,26,26,26,26,26,26,26,null,26,26,26,26,26,26,26,26,26,26,26,26,26,26,26,26,26,26,26,26,26,26,26,26,26,26,26,26,26,26,26,26,26,26,26,26,26,26,26,26,26,26,26,26,26,26,26,26,26,26,26,26,26,26,null,null,26,26,26,26,26,26,26,26,26,26,26,26,26,26,26,26,26,26,26,26,26,26,26,26,26,26,26,26,26,26,26,26,26,26,26,26,26,26,26,26,26,26,26,26,26,26,26,26,26,26,26,26,26,26,26,26,26,26,26,26,26,26,26,26,26,26,26,26,26,26,26,26,26,26,26,26,26,26,26,26,26,26,26,26,26,26,26,26,26,26,26,26,26]
[27,27,27,27,27,27,27,27,27,27,27,27,27,27,27,27,27,27,27,27,27,27,27,27,27,27,27,27,27,27,27,27,27,27,27,27,27,27,27,27,27,27,27,27,27,27,27,27,27,27,27,27,27,null,27,27,27,27,27,27,27,27,27,27,27,27,27,27,27,27,27,27,27,27,27,27,27,27,27,27,27,27,27,27,27,27,27,27,27,27,27,27,27,27,27,27,27,27,27,27,27,27,27,27,27,27,27,27,null,null,27,27,27,27,27,27,27,27,27,27,27,27,27,27,27,27,27,27,27,27,27,27,27,27,27,27,27,27,27,27,27,27,27,27,27,27,27,27,27,27,27,27,27,27,27,27,27,27,27,27,27,27,27,27,27,27,27,27,27,27,27,27,27,27,27,27,27,27,27,27,27,27,27,27,27,27,27,27,27,27,27,27,27,27,27,27,27,27,27,27,27,27,27]
[28,28,28,28,28,28,28,28,28,28,28,28,28,28,28,28,28,28,28,28,28,28,28,28,28,28,28,28,28,28,28,28,28,28,28,28,28,28,28,28,28,28,28,28,28,28,28,28,28,28,28,28,28,null,28,28,28,28,28,28,28,28,28,28,28,28,28,28,28,28,28,28,28,28,28,28,28,28,28,28,28,28,28,28,28,28,28,28,28,28,28,28,28,28,28,28,28,28,28,28,28,28,28,28,28,28,28,28,null,null,28,28,28,28,28,28,28,28,28,28,28,28,28,28,28,28,28,28,28,28,28,28,28,28,28,28,28,28,28,28,28,28,28,28,28,28,28,28,28,28,28,28,28,28,28,28,28,28,28,28,28,28,28,28,28,28,28,28,28,28,28,28,28,28,28,28,28,28,28,28,28,28,28,28,28,28,28,28,28,28,28,28,28,28,28,28,28,28,28,28,28,28,28]
[29,29,29,29,29,29,29,29,29,29,29,29,29,29,29,29,29,29,29,29,29,29,29,29,29,29,29,29,29,29,29,29,29,29,29,29,29,29,29,29,29,29,29,29,29,29,29,29,29,29,29,29,29,null,29,29,29,29,29,29,29,29,29,29,29,29,29,29,29,29,29,29,29,29,29,29,29,29,29,29,29,29,29,29,29,29,29,29,29,29,29,29,29,29,29,29,29,29,29,29,29,29,29,29,29,29,29,29,null,null,29,29,29,29,29,29,29,29,29,29,29,29,29,29,29,29,29,29,29,29,29,29,29,29,29,29,29,29,29,29,29,29,29,29,29,29,29,29,29,29,29,29,29,29,29,29,29,29,29,29,29,29,29,29,29,29,29,29,29,29,29,29,29,29,29,29,29,29,29,29,29,29,29,29,29,29,29,29,29,29,29,29,29,29,29,29,29,29,29,29,29,29,29]
[30,30,30,30,30,30,30,30,30,30,30,30,30,30,30,30,30,30,30,30,30,30,30,30,30,30,30,30,30,30,30,30,30,30,30,30,30,30,30,30,30,30,30,30,30,30,30,30,30,30,30,30,30,null,30,30,30,30,30,30,30,30,30,30,30,30,30,30,30,30,30,30,30,30,30,30,30,30,30,30,30,30,30,30,30,30,30,30,30,30,30,30,30,30,30,30,30,30,30,30,30,30,30,30,30,30,30,30,null,null,30,30,30,30,30,30,30,30,30,30,30,30,30,30,30,30,30,30,30,30,30,30,30,30,30,30,30,30,30,30,30,30,30,30,30,30,30,30,30,30,30,30,30,30,30,30,30,30,30,30,30,30,30,30,30,30,30,30,30,30,30,30,30,30,30,30,30,30,30,30,30,30,30,30,30,30,30,30,30,30,30,30,30,30,30,30,30,30,30,30,30,30,30]
[31,31,31,31,31,31,31,31,31,31,31,31,31,31,31,31,31,31,31,31,31,31,31,31,31,31,31,31,31,31,31,31,31,31,31,31,31,31,31,31,31,31,31,31,31,31,31,31,31,31,31,31,31,null,31,31,31,31,31,31,31,31,31,31,31,31,31,31,31,31,31,31,31,31,31,31,31,31,31,31,31,31,31,31,31,31,31,31,31,31,31,31,31,31,31,31,31,31,31,31,31,31,31,31,31,31,31,31,null,null,31,31,31,31,31,31,31,31,31,31,31,31,31,31,31,31,31,31,31,31,31,31,31,31,31,31,31,31,31,31,31,31,31,31,31,31,31,31,31,31,31,31,31,31,31,31,31,31,31,31,31,31,31,31,31,31,31,31,31,31,31,31,31,31,31,31,31,31,31,31,31,31,31,31,31,31,31,31,31,31,31,31,31,31,31,31,31,31,31,31,31,31,31]
[32,32,32,32,32,32,32,32,32,32,32,32,32,32,32,32,32,32,32,32,32,32,32,32,32,32,32,32,32,32,32,32,32,32,32,32,32,32,32,32,32,32,32,32,32,32,32,32,32,32,32,32,32,null,32,32,32,32,32,32,32,32,32,32,32,32,32,32,32,32,32,32,32,32,32,32,32,32,32,32,32,32,32,32,32,32,32,32,32,32,32,32,32,32,32,32,32,32,32,32,32,32,32,32,32,32,32,32,null,null,32,32,32,32,32,32,32,32,32,32,32,32,32,32,32,32,32,32,32,32,32,32,32,32,32,32,32,32,32,32,32,32,32,32,32,32,32,32,32,32,32,32,32,32,32,32,32,32,32,32,32,32,32,32,32,32,32,32,32,32,32,32,32,32,32,32,32,32,32,32,32,32,32,32,32,32,32,32,32,32,32,32,32,32,32,32,32,32,32,32,32,32,32]
[33,33,33,33,33,33,33,33,33,33,33,33,33,33,33,33,33,33,33,33,33,33,33,33,33,33,33,33,33,33,33,33,33,33,33,33,33,33,33,33,33,33,33,33,33,33,33,33,33,33,33,33,33,null,33,33,33,33,33,33,33,33,33,33,33,33,33,33,33,33,33,33,33,33,33,33,33,33,33,33,33,33,33,33,33,33,33,33,33,33,33,33,33,33,33,33,33,33,33,33,33,33,33,33,33,33,33,33,null,null,33,33,33,33,33,33,33,33,33,33,33,33,33,33,33,33,33,33,33,33,33,33,33,33,33,33,33,33,33,33,33,33,33,33,33,33,33,33,33,33,33,33,33,33,33,33,33,33,33,33,33,33,33,33,33,33,33,33,33,33,33,33,33,33,33,33,33,33,33,33,33,33,33,33,33,33,33,33,33,33,33,33,33,33,33,33,33,33,33,33,33,33,33]
[34,34,34,34,34,34,34,34,34,34,34,34,34,34,34,34,34,34,34,34,34,34,34,34,34,34,34,34,34,34,34,34,34,34,34,34,34,34,34,34,34,34,34,34,34,34,34,34,34,34,34,34,34,null,34,34,34,34,34,34,34,34,34,34,34,34,34,34,34,34,34,34,34,34,34,34,34,34,34,34,34,34,34,34,34,34,34,34,34,34,34,34,34,34,34,34,34,34,34,34,34,34,34,34,34,34,34,34,null,null,34,34,34,34,34,34,34,34,34,34,34,34,34,34,34,34,34,34,34,34,34,34,34,34,34,34,34,34,34,34,34,34,34,34,34,34,34,34,34,34,34,34,34,34,34,34,34,34,34,34,34,34,34,34,34,34,34,34,34,34,34,34,34,34,34,34,34,34,34,34,34,34,34,34,34,34,34,34,34,34,34,34,34,34,34,34,34,34,34,34,34,34,34]
[35,35,35,35,35,35,35,35,35,35,35,35,35,35,35,35,35,35,35,35,35,35,35,35,35,35,35,35,35,35,35,35,35,35,35,35,35,35,35,35,35,35,35,35,35,35,35,35,35,35,35,35,35,null,35,35,35,35,35,35,35,35,35,35,35,35,35,35,35,35,35,35,35,35,35,35,35,35,35,35,35,35,35,35,35,35,35,35,35,35,35,35,35,35,35,35,35,35,35,35,35,35,35,35,35,35,35,35,null,null,35,35,35,35,35,35,35,35,35,35,35,35,35,35,35,35,35,35,35,35,35,35,35,35,35,35,35,35,35,35,35,35,35,35,35,35,35,35,35,35,35,35,35,35,35,35,35,35,35,35,35,35,35,35,35,35,35,35,35,35,35,35,35,35,35,35,35,35,35,35,35,35,35,35,35,35,35,35,35,35,35,35,35,35,35,35,35,35,35,35,35,35,35]
[36,36,36,36,36,36,36,36,36,36,36,36,36,36,36,36,36,36,36,36,36,36,36,36,36,36,36,36,36,36,36,36,36,36,36,36,36,36,36,36,36,36,36,36,36,36,36,36,36,36,36,36,36,null,36,36,36,36,36,36,36,36,36,36,36,36,36,36,36,36,36,36,36,36,36,36,36,36,36,36,36,36,36,36,36,36,36,36,36,36,36,36,36,36,36,36,36,36,36,36,36,36,36,36,36,36,36,36,null,null,36,36,36,36,36,36,36,36,36,36,36,36,36,36,36,36,36,36,36,36,36,36,36,36,36,36,36,36,36,36,36,36,36,36,36,36,36,36,36,36,36,36,36,36,36,36,36,36,36,36,36,36,36,36,36,36,36,36,36,36,36,36,36,36,36,36,36,36,36,36,36,36,36,36,36,36,36,36,36,36,36,36,36,36,36,36,36,36,36,36,36,36,36]
[37,37,37,37,37,37,37,37,37,37,37,37,37,37,37,37,37,37,37,37,37,37,37,37,37,37,37,37,37,37,37,37,37,37,37,37,37,37,37,37,37,37,37,37,37,37,37,37,37,37,37,37,37,null,37,37,37,37,37,37,37,37,37,37,37,37,37,37,37,37,37,37,37,37,37,37,37,37,37,37,37,37,37,37,37,37,37,37,37,37,37,37,37,37,37,37,37,37,37,37,37,37,37,37,37,37,37,37,null,null,37,37,37,37,37,37,37,37,37,37,37,37,37,37,37,37,37,37,37,37,37,37,37,37,37,37,37,37,37,37,37,37,37,37,37,37,37,37,37,37,37,37,37,37,37,37,37,37,37,37,37,37,37,37,37,37,37,37,37,37,37,37,37,37,37,37,37,37,37,37,37,37,37,37,37,37,37,37,37,37,37,37,37,37,37,37,37,37,37,37,37,37,37]
[38,38,38,38,38,38,38,38,38,38,38,38,38,38,38,38,38,38,38,38,38,38,38,38,38,38,38,38,38,38,38,38,38,38,38,38,38,38,38,38,38,38,38,38,38,38,38,38,38,38,38,38,38,null,38,38,38,38,38,38,38,38,38,38,38,38,38,38,38,38,38,38,38,38,38,38,38,38,38,38,38,38,38,38,38,38,38,38,38,38,38,38,38,38,38,38,38,38,38,38,38,38,38,38,38,38,38,38,null,null,38,38,38,38,38,38,38,38,38,38,38,38,38,38,38,38,38,38,38,38,38,38,38,38,38,38,38,38,38,38,38,38,38,38,38,38,38,38,38,38,38,38,38,38,38,38,38,38,38,38,38,38,38,38,38,38,38,38,38,38,38,38,38,38,38,38,38,38,38,38,38,38,38,38,38,38,38,38,38,38,38,38,38,38,38,38,38,38,38,38,38,38,38]
[39,39,39,39,39,39,39,39,39,39,39,39,39,39,39,39,39,39,39,39,39,39,39,39,39,39,39,39,39,39,39,39,39,39,39,39,39,39,39,39,39,39,39,39,39,39,39,39,39,39,39,39,39,null,39,39,39,39,39,39,39,39,39,39,39,39,39,39,39,39,39,39,39,39,39,39,39,39,39,39,39,39,39,39,39,39,39,39,39,39,39,39,39,39,39,39,39,39,39,39,39,39,39,39,39,39,39,39,null,null,39,39,39,39,39,39,39,39,39,39,39,39,39,39,39,39,39,39,39,39,39,39,39,39,39,39,39,39,39,39,39,39,39,39,39,39,39,39,39,39,39,39,39,39,39,39,39,39,39,39,39,39,39,39,39,39,39,39,39,39,39,39,39,39,39,39,39,39,39,39,39,39,39,39,39,39,39,39,39,39,39,39,39,39,39,39,39,39,39,39,39,39,39]
[40,40,40,40,40,40,40,40,40,40,40,40,40,40,40,40,40,40,40,40,40,40,40,40,40,40,40,40,40,40,40,40,40,40,40,40,40,40,40,40,40,40,40,40,40,40,40,40,40,40,40,40,40,null,40,40,40,40,40,40,40,40,40,40,40,40,40,40,40,40,40,40,40,40,40,40,40,40,40,40,40,40,40,40,40,40,40,40,40,40,40,40,40,40,40,40,40,40,40,40,40,40,40,40,40,40,40,40,null,null,40,40,40,40,40,40,40,40,40,40,40,40,40,40,40,40,40,40,40,40,40,40,40,40,40,40,40,40,40,40,40,40,40,40,40,40,40,40,40,40,40,40,40,40,40,40,40,40,40,40,40,40,40,40,40,40,40,40,40,40,40,40,40,40,40,40,40,40,40,40,40,40,40,40,40,40,40,40,40,40,40,40,40,40,40,40,40,40,40,40,40,40,40]
[41,41,41,41,41,41,41,41,41,41,41,41,41,41,41,41,41,41,41,41,41,41,41,41,41,41,41,41,41,41,41,41,41,41,41,41,41,41,41,41,41,41,41,41,41,41,41,41,41,41,41,41,41,null,41,41,41,41,41,41,41,41,41,41,41,41,41,41,41,41,41,41,41,41,41,41,41,41,41,41,41,41,41,41,41,41,41,41,41,41,41,41,41,41,41,41,41,41,41,41,41,41,41,41,41,41,41,41,null,null,41,41,41,41,41,41,41,41,41,41,41,41,41,41,41,41,41,41,41,41,41,41,41,41,41,41,41,41,41,41,41,41,41,41,null,41,41,41,41,41,41,41,41,41,41,41,41,41,41,41,41,41,41,41,41,41,41,41,41,41,41,41,41,41,null,null,41,41,41,41,41,41,41,41,41,41,41,41,41,41,41,41,41,41,41,41,41,41,41,41,41,41,41]
[42,42,42,42,42,42,42,42,42,42,42,42,42,42,42,42,42,42,42,42,42,42,42,42,42,42,42,42,42,42,42,42,42,42,42,42,42,42,42,42,42,42,42,42,42,42,42,42,42,42,42,42,42,null,42,42,42,42,42,42,42,42,42,42,42,42,42,42,42,42,42,42,42,42,42,42,42,42,42,42,42,42,42,42,42,42,42,42,42,42,42,42,42,42,42,42,42,42,42,42,42,42,42,42,42,42,42,42,null,null,42,42,42,42,42,42,42,42,42,42,42,42,42,42,42,42,42,42,42,42,42,42,42,42,42,42,42,42,42,42,42,42,42,42,null,42,42,42,42,42,42,42,42,42,42,42,42,42,42,42,42,42,42,42,42,42,42,42,42,42,42,42,42,42,null,null,42,42,42,42,42,42,42,42,42,42,42,42,42,42,42,42,42,42,42,42,42,42,42,42,42,42,42]
[43,43,43,43,43,43,43,43,43,43,43,43,43,43,43,43,43,43,43,43,43,43,43,43,43,43,43,43,43,43,43,43,43,43,43,43,43,43,43,43,43,43,43,43,43,43,43,43,43,43,43,43,43,null,43,43,43,43,43,43,43,43,43,43,43,43,43,43,43,43,43,43,43,43,43,43,43,43,43,43,43,43,43,43,43,43,43,43,43,43,43,43,43,43,43,43,43,43,43,43,43,43,43,43,43,43,43,43,null,null,43,43,43,43,43,43,43,43,43,43,43,43,43,43,43,43,43,43,43,43,43,43,43,43,43,43,43,43,43,43,43,43,43,43,null,43,43,43,43,43,43,43,43,43,43,43,43,43,43,43,43,43,43,43,43,43,43,43,43,43,43,43,43,43,null,null,43,43,43,43,43,43,43,43,43,43,43,43,43,43,43,43,43,43,43,43,43,43,43,43,43,43,43]
[44,44,44,44,44,44,44,44,44,44,44,44,44,44,44,44,44,44,44,44,44,44,44,44,44,44,44,44,44,44,44,44,44,44,44,44,44,44,44,44,44,44,44,44,44,44,44,44,44,44,44,44,44,null,44,44,44,44,44,44,44,44,44,44,44,44,44,44,44,44,44,44,44,44,44,44,44,44,44,44,44,44,44,44,44,44,44,44,44,44,44,44,44,44,44,44,44,44,44,44,44,44,44,44,44,44,44,44,null,null,44,44,44,44,44,44,44,44,44,44,44,44,44,44,44,44,44,44,44,44,44,44,44,44,44,44,44,44,44,44,44,44,44,44,null,44,44,44,44,44,44,44,44,44,44,44,44,44,44,44,44,44,44,44,44,44,44,44,44,44,44,44,44,44,null,null,44,44,44,44,44,44,44,44,44,44,44,44,44,44,44,44,44,44,44,44,44,44,44,44,44,44,44]
[45,45,45,45,45,45,45,45,45,45,45,45,45,45,45,45,45,45,45,45,45,45,45,45,45,45,45,45,45,45,45,45,45,45,45,45,45,45,45,45,45,45,45,45,45,45,45,45,45,45,45,45,45,null,45,45,45,45,45,45,45,45,45,45,45,45,45,45,45,45,45,45,45,45,45,45,45,45,45,45,45,45,45,45,45,45,45,45,45,45,45,45,null,45,45,45,45,45,45,45,45,45,45,45,45,45,45,45,null,null,45,45,45,45,45,45,45,45,45,45,45,45,45,45,45,45,45,45,45,45,45,45,45,45,45,45,45,45,45,45,45,45,45,45,null,45,45,45,45,45,45,45,45,45,45,45,45,45,45,45,45,45,45,45,45,45,45,45,45,45,45,45,45,45,null,null,45,45,45,45,45,45,45,45,45,45,45,45,45,45,45,45,45,45,45,45,45,45,45,45,45,45,45]
[46,46,46,46,46,46,46,46,46,46,46,46,46,46,46,46,46,46,46,46,46,46,46,46,46,46,46,46,46,46,46,46,46,46,46,46,46,46,46,46,46,46,46,46,46,46,46,46,46,46,46,46,46,null,46,46,46,46,46,46,46,46,46,46,46,46,46,46,46,46,46,46,46,46,46,46,46,46,46,46,46,46,46,46,46,46,46,46,46,46,46,46,null,46,46,46,46,46,46,46,46,46,46,46,46,46,46,46,null,null,46,46,46,46,46,46,46,46,46,46,46,46,46,46,46,46,46,46,46,46,46,46,46,46,46,46,46,46,46,46,null,null,46,46,null,46,46,46,46,46,46,46,46,46,46,46,46,46,46,46,46,46,46,46,46,46,46,46,46,46,46,46,46,46,null,null,46,46,46,46,46,46,46,46,46,46,46,46,46,46,46,46,46,46,46,46,46,46,46,46,46,46,46]
[47,47,47,47,47,47,47,47,47,47,47,47,47,47,47,47,47,47,47,47,47,47,47,47,47,47,47,47,47,47,47,47,47,47,47,47,47,47,47,47,47,47,47,47,47,47,47,47,47,47,47,47,47,null,47,47,47,47,47,47,47,47,47,47,47,47,47,47,47,47,47,47,47,47,47,47,47,47,47,47,47,47,47,47,47,47,47,47,47,47,47,47,null,47,47,47,47,47,47,47,47,47,47,47,47,47,47,47,null,null,47,47,47,47,47,47,47,47,47,47,47,47,47,47,47,47,47,47,47,47,47,47,47,47,47,47,47,47,47,47,null,null,47,47,null,47,47,47,47,47,47,47,47,47,47,47,47,47,47,47,47,47,47,47,47,47,47,47,47,47,47,47,47,47,null,null,47,47,47,47,47,47,47,47,47,47,47,47,47,47,47,47,47,47,47,47,47,47,47,47,47,47,47]
[48,48,48,48,48,48,48,48,48,48,48,48,48,48,48,48,48,48,48,48,48,48,48,48,48,48,48,48,48,48,48,48,48,48,48,48,48,48,48,48,48,48,48,48,48,48,48,48,48,48,48,48,48,null,48,48,48,48,48,48,48,48,48,48,48,48,48,48,48,48,48,48,48,48,48,48,48,48,48,48,48,48,48,48,48,48,48,48,48,48,48,48,null,48,48,48,48,48,48,48,48,48,48,48,48,48,48,48,null,null,48,48,48,48,48,48,48,48,48,48,48,48,48,48,48,48,48,48,48,48,48,48,48,48,48,48,48,48,48,48,null,null,48,48,null,48,48,48,48,48,48,48,48,48,48,48,48,48,48,48,48,48,48,48,48,48,48,48,48,48,48,48,48,48,null,null,48,48,48,48,48,48,48,48,48,48,48,48,48,48,48,48,48,48,48,48,48,48,48,48,48,48,48]
[49,49,49,49,49,49,49,49,49,49,49,49,49,49,null,49,49,49,49,49,49,49,49,49,49,49,49,49,49,49,49,49,49,49,49,49,49,49,49,49,49,49,49,49,49,49,49,49,49,49,49,49,49,null,49,49,49,49,49,49,49,49,49,49,49,49,49,49,49,49,49,49,49,49,49,49,49,49,49,49,49,49,49,49,49,49,49,49,49,49,null,49,null,49,49,49,49,49,49,49,49,49,49,49,49,49,49,49,null,null,49,49,49,49,49,49,49,49,49,49,49,49,49,49,49,49,49,49,49,49,49,49,49,49,49,49,49,49,49,49,null,null,49,49,null,49,49,49,49,49,49,49,49,49,49,49,49,49,49,49,49,49,49,49,49,49,49,49,49,49,49,49,49,49,null,null,49,49,49,49,49,49,49,49,49,49,49,49,49,49,49,49,49,49,49,49,49,49,49,49,49,49,49]
[50,50,50,50,50,50,50,50,50,50,50,50,50,50,null,50,50,50,50,50,50,50,50,50,50,50,50,50,50,50,50,50,50,50,50,50,50,50,50,50,50,50,50,50,50,50,50,50,50,50,50,50,50,null,50,50,50,50,50,50,50,50,50,50,50,50,50,50,50,50,50,50,50,50,50,50,50,50,50,50,50,50,50,50,50,50,50,50,50,50,null,50,null,50,50,50,50,50,50,50,50,50,50,50,50,50,50,50,null,null,50,50,50,50,50,50,50,50,50,50,50,50,50,50,50,50,50,50,50,50,50,50,50,50,50,50,50,50,50,50,null,null,50,50,null,50,50,50,50,50,50,50,50,50,50,50,50,50,50,50,50,50,50,50,50,50,50,50,50,50,50,50,50,50,null,null,50,50,50,50,50,50,50,50,50,50,50,50,50,50,50,50,50,50,50,50,50,50,50,50,50,50,50]
[null,51,null,51,51,51,null,51,null,51,51,51,51,51,null,51,51,51,null,51,null,51,51,51,51,51,51,51,51,51,null,51,null,51,null,51,null,51,null,51,null,51,null,51,null,51,null,51,null,51,51,51,51,null,null,51,null,51,null,51,null,51,51,51,null,51,null,51,null,51,null,51,51,51,51,51,null,51,null,51,null,51,null,51,51,51,51,51,51,51,null,51,null,51,51,51,51,51,51,51,51,51,51,51,51,51,51,51,null,null,51,51,51,51,51,51,51,51,51,51,51,51,51,51,51,51,51,51,51,51,51,51,51,51,51,51,null,null,51,51,null,null,null,51,null,51,51,51,51,51,51,51,51,51,51,51,51,51,51,51,51,51,51,51,51,51,51,51,51,51,51,51,51,51,null,null,51,51,51,51,51,51,51,51,51,51,51,51,51,51,51,51,51,51,51,51,51,51,51,51,51,51,51]
[null,52,null,52,52,52,null,52,null,52,52,52,52,52,null,52,52,52,null,52,null,52,52,52,52,52,52,52,52,52,null,52,null,52,null,52,null,52,null,52,null,52,null,52,null,52,null,52,null,52,52,52,52,null,null,52,null,52,null,52,null,52,52,52,null,52,null,52,null,52,null,52,52,52,52,52,null,52,null,52,null,52,null,52,52,52,52,52,52,52,null,52,null,52,52,52,52,52,52,52,52,52,52,52,52,52,52,52,null,null,52,52,52,52,52,52,52,52,52,52,52,52,52,52,52,52,52,52,52,52,52,52,52,52,52,52,null,null,52,52,null,null,null,52,null,52,52,52,52,52,52,52,52,52,52,52,52,52,52,52,52,52,52,52,52,52,52,52,52,52,52,52,52,52,null,null,52,52,52,52,52,52,52,52,52,52,52,52,52,52,52,52,52,52,52,52,52,52,52,52,52,52,52]
[null,53,null,53,53,53,null,53,null,53,53,53,53,53,null,53,53,53,null,53,null,53,53,53,53,53,53,53,53,53,null,53,null,53,null,53,null,53,null,53,null,53,null,53,null,53,null,53,null,53,53,53,53,null,null,53,null,53,null,53,null,53,53,53,null,53,null,53,null,53,null,53,53,53,53,53,null,53,null,53,null,53,null,53,53,53,53,53,53,53,null,53,null,53,53,53,53,53,53,53,53,53,53,53,53,53,53,53,null,null,53,53,53,53,53,53,53,53,53,53,53,53,53,53,53,53,53,53,53,53,53,53,53,53,53,53,null,null,53,53,null,null,null,53,null,53,53,53,53,53,53,53,53,53,53,53,53,53,53,53,53,53,53,53,53,53,53,53,53,53,53,53,53,53,null,null,53,53,53,53,53,53,53,53,53,53,53,53,53,53,53,53,53,53,53,53,53,53,53,53,53,53,53]
[null,54,null,54,54,54,null,54,null,54,54,54,54,54,null,54,54,54,null,54,null,54,54,54,54,54,54,54,54,54,null,54,null,54,null,54,null,54,null,54,null,54,null,54,null,54,null,54,null,54,54,54,54,null,null,54,null,54,null,54,null,54,54,54,null,54,null,54,null,54,null,54,54,54,54,54,null,54,null,54,null,54,null,54,54,54,54,54,54,54,null,54,null,54,54,54,54,54,54,54,54,54,54,54,54,54,54,54,null,null,54,54,54,54,54,54,54,54,54,54,54,54,54,54,54,54,54,54,54,54,54,54,54,54,54,54,null,null,54,54,null,null,null,54,null,54,54,54,54,54,54,54,54,54,54,54,54,54,54,54,54,54,54,54,54,54,54,54,54,54,54,54,54,54,null,null,54,54,54,54,54,54,54,54,54,54,54,54,54,54,54,54,54,54,54,54,54,54,54,54,54,54,54]
[null,55,null,55,55,55,null,55,null,55,55,55,55,55,null,55,55,55,null,55,null,55,55,55,55,55,55,55,55,55,null,55,null,55,null,55,null,55,null,55,null,55,null,55,null,55,null,55,null,55,55,55,55,null,null,55,null,55,null,55,null,55,55,55,null,55,null,55,null,55,null,55,55,55,55,55,null,55,null,55,null,55,null,55,55,55,55,55,55,55,null,55,null,55,55,55,55,55,55,55,55,55,55,55,55,55,55,55,null,null,55,55,55,55,55,55,55,55,55,55,55,55,55,55,55,55,55,55,55,55,55,55,55,55,55,55,null,null,55,55,null,null,null,55,null,55,55,55,55,55,55,55,55,55,55,55,55,55,55,55,55,55,55,55,55,55,55,55,55,55,55,55,55,55,null,null,55,55,55,55,55,55,55,55,55,55,55,55,55,55,55,55,55,55,55,55,55,55,55,55,55,55,55]
[null,56,null,56,56,56,null,56,null,56,56,56,56,56,null,56,56,56,null,56,null,56,56,56,56,56,56,56,56,56,null,56,null,56,null,56,null,56,null,56,null,56,null,56,null,56,null,56,null,56,56,56,56,null,null,56,null,56,null,56,null,56,56,56,null,56,null,56,null,56,null,56,56,56,56,56,null,56,null,56,null,56,null,56,56,56,56,56,56,56,null,56,null,56,56,56,56,56,56,56,56,56,56,56,56,56,56,56,null,null,56,56,56,56,56,56,56,56,56,56,56,56,56,56,56,56,56,56,56,56,56,56,56,56,56,56,null,null,56,56,null,null,null,56,null,56,56,56,56,56,56,56,56,56,56,56,56,56,56,56,56,56,56,56,56,56,56,56,56,56,56,56,56,56,null,null,56,56,56,56,56,56,56,56,56,56,56,56,56,56,56,56,56,56,56,56,56,56,56,56,56,56,56]
[null,57,null,57,57,57,null,57,null,57,57,57,57,57,null,57,57,57,null,57,null,57,57,57,57,57,57,57,57,57,null,57,null,57,null,57,null,57,null,57,null,57,null,57,null,57,null,57,null,57,57,57,57,null,null,57,null,57,null,57,null,57,57,57,null,57,null,57,null,57,null,57,57,57,57,57,null,57,null,57,null,57,null,57,57,57,57,57,57,57,null,57,null,57,57,57,57,57,57,57,57,57,57,57,57,57,57,57,null,null,57,57,57,57,57,57,57,57,57,57,57,57,57,57,57,57,57,57,57,57,57,57,57,57,57,57,null,null,57,57,null,null,null,57,null,57,57,57,57,57,57,57,57,57,57,57,57,57,57,57,57,57,57,57,57,57,57,57,57,57,57,57,57,57,null,null,57,57,57,57,57,57,57,57,57,57,57,57,57,57,57,57,57,57,57,57,57,57,57,57,57,57,57]
[null,58,null,58,58,58,null,58,null,58,58,58,58,58,null,58,58,58,null,58,null,58,58,58,58,58,58,58,58,58,null,58,null,58,null,58,null,58,null,58,null,58,null,58,null,58,null,58,null,58,58,58,58,null,null,58,null,58,null,58,null,58,58,58,null,58,null,58,null,58,null,58,58,58,58,58,null,58,null,58,null,58,null,58,58,58,58,58,58,58,null,58,null,58,58,58,58,58,58,58,58,58,58,58,58,58,58,58,null,null,58,58,58,58,58,58,58,58,58,58,58,58,58,58,58,58,58,58,58,58,58,58,58,58,58,58,null,null,58,58,null,null,null,58,null,58,58,58,58,58,58,58,58,58,58,58,58,58,58,58,58,58,58,58,58,58,58,58,58,58,58,58,58,58,null,null,58,58,58,58,58,58,58,58,58,58,58,58,58,58,58,58,58,58,58,58,58,58,58,58,58,58,58]
[null,59,null,59,59,59,null,59,null,59,59,59,59,59,null,59,59,59,null,59,null,59,59,59,59,59,59,59,59,59,null,59,null,59,null,59,null,59,null,59,null,59,null,59,null,59,null,59,null,59,59,59,59,null,null,59,null,59,null,59,null,59,59,59,null,59,null,59,null,59,null,59,59,59,59,59,null,59,null,59,null,59,null,59,59,59,59,59,59,59,null,59,null,59,59,59,59,59,59,59,59,59,59,59,59,59,59,59,null,null,59,59,59,59,59,59,59,59,59,59,59,59,59,59,59,59,59,59,59,59,59,59,59,59,59,59,null,null,59,59,null,null,null,59,null,59,59,59,59,59,59,59,59,59,59,59,59,59,59,59,59,59,59,59,59,59,59,59,59,59,59,59,59,59,null,null,59,59,59,59,59,59,59,59,59,59,59,59,59,59,59,59,59,59,59,59,59,59,59,59,59,59,59]
[null,60,null,60,60,60,null,60,null,60,60,60,60,60,null,60,60,60,null,60,null,60,60,60,60,60,60,60,60,60,null,60,null,60,null,60,null,60,null,60,null,60,null,60,null,60,null,60,null,60,60,60,60,null,null,60,null,60,null,60,null,60,60,60,null,60,null,60,null,60,null,60,60,60,60,60,null,60,null,60,null,60,null,60,60,60,60,60,60,60,null,60,null,60,60,60,60,60,60,60,60,60,60,60,60,60,60,60,null,null,60,60,60,60,60,60,60,60,60,60,60,60,60,60,60,60,60,60,60,60,60,60,60,60,60,60,null,null,60,60,null,null,null,60,null,60,60,60,60,60,60,60,60,60,60,60,60,60,60,60,60,60,60,60,60,60,60,60,60,60,60,60,60,60,null,null,60,60,60,60,60,60,60,60,60,60,60,60,60,60,60,60,60,60,60,60,60,60,60,60,60,60,60]
[null,61,null,null,61,61,null,61,null,null,61,61,null,null,null,null,61,61,null,61,null,null,61,61,61,61,61,61,61,61,null,61,null,null,null,61,null,null,null,61,null,null,null,61,null,null,null,61,null,null,61,61,61,null,null,61,null,null,null,61,null,null,61,61,null,61,null,null,null,61,null,null,61,61,61,61,null,61,null,null,null,61,null,null,61,61,61,null,61,61,null,61,null,61,null,61,61,null,61,61,null,61,null,null,null,61,61,null,null,null,61,null,61,61,null,61,61,61,null,61,61,61,61,61,61,61,61,61,null,61,61,61,61,61,61,61,null,null,null,null,null,null,null,null,null,null,null,61,61,61,61,61,61,61,61,61,null,61,61,61,61,61,null,61,61,61,61,61,null,null,null,61,61,61,null,null,61,61,null,61,61,null,61,61,61,61,61,61,61,61,61,61,61,61,61,61,61,61,61,null,61,61]
[null,62,null,null,62,62,null,62,null,null,62,62,null,null,null,null,62,62,null,62,null,null,62,62,62,62,62,62,62,62,null,62,null,null,null,62,null,null,null,62,null,null,null,62,null,null,null,62,null,null,62,62,62,null,null,62,null,null,null,62,null,null,62,62,null,62,null,null,null,62,null,null,62,62,62,62,null,62,null,null,null,62,null,null,62,62,62,null,62,62,null,62,null,62,null,62,62,null,62,62,null,62,null,null,null,62,62,null,null,null,62,null,62,62,null,62,62,62,null,62,62,62,62,62,62,62,62,62,null,62,62,62,62,62,62,62,null,null,null,null,null,null,null,null,null,null,null,62,62,62,62,62,62,62,62,62,null,62,62,62,62,62,null,62,62,62,62,62,null,null,null,62,62,62,null,null,62,62,null,62,62,null,62,62,62,62,62,62,62,62,62,62,62,62,62,62,62,62,62,null,62,62]
[null,63,null,null,63,63,null,63,null,null,63,63,null,null,null,null,63,63,null,63,null,null,63,63,63,63,63,63,63,63,null,63,null,null,null,63,null,null,null,63,null,null,null,63,null,null,null,63,null,null,63,63,63,null,null,63,null,null,null,63,null,null,63,63,null,63,null,null,null,63,null,null,63,63,63,63,null,63,null,null,null,63,null,null,63,63,63,null,63,63,null,63,null,63,null,63,63,null,63,63,null,63,null,null,null,63,63,null,null,null,63,null,63,63,null,63,63,63,null,63,63,63,63,63,63,63,63,63,null,63,63,63,63,63,63,63,null,null,null,null,null,null,null,null,null,null,null,63,63,63,63,63,63,63,63,63,null,63,63,63,63,63,null,63,63,63,63,63,null,null,null,63,63,63,null,null,63,63,null,63,63,null,63,63,63,63,63,63,63,63,63,63,63,63,63,63,63,63,63,null,63,63]
[null,64,null,null,64,64,null,64,null,null,64,64,null,null,null,null,64,64,null,64,null,null,64,64,64,64,64,64,64,64,null,64,null,null,null,64,null,null,null,64,null,null,null,64,null,null,null,64,null,null,64,64,64,null,null,64,null,null,null,64,null,null,64,64,null,64,null,null,null,64,null,null,64,64,64,64,null,64,null,null,null,64,null,null,64,64,64,null,64,64,null,64,null,64,null,64,64,null,64,64,null,64,null,null,null,64,64,null,null,null,64,null,64,64,null,64,64,64,null,64,64,64,64,64,64,64,64,64,null,64,64,64,64,64,64,64,null,null,null,null,null,null,null,null,null,null,null,64,64,64,64,64,64,64,64,64,null,64,64,64,64,64,null,64,64,64,64,64,null,null,null,64,64,64,null,null,64,64,null,64,64,null,64,64,64,64,64,64,64,64,64,64,64,64,64,64,64,64,64,null,64,64]
[null,65,null,null,65,65,null,65,null,null,65,65,null,null,null,null,65,65,null,65,null,null,65,65,null,65,65,null,65,65,null,65,null,null,null,65,null,null,null,65,null,null,null,65,null,null,null,65,null,null,65,65,65,null,null,65,null,null,null,65,null,null,65,65,null,65,null,null,null,65,null,null,65,65,65,65,null,65,null,null,null,65,null,null,65,65,null,null,65,65,null,65,null,null,null,65,null,null,65,null,null,65,null,null,null,65,65,null,null,null,null,null,65,null,null,65,65,65,null,65,65,65,65,65,65,65,65,65,null,65,65,65,65,65,65,65,null,null,null,null,null,null,null,null,null,null,null,65,65,65,65,65,65,65,65,65,null,65,65,65,65,65,null,65,65,65,65,65,null,null,null,65,65,65,null,null,65,65,null,65,65,null,65,65,65,65,65,65,65,65,65,65,65,65,65,65,65,65,65,null,65,65]
[null,66,null,null,66,66,null,66,null,null,66,66,null,null,null,null,66,66,null,66,null,null,66,66,null,66,66,null,66,66,null,66,null,null,null,66,null,null,null,66,null,null,null,66,null,null,null,66,null,null,66,66,66,null,null,66,null,null,null,66,null,null,66,66,null,66,null,null,null,66,null,null,66,66,66,66,null,66,null,null,null,66,null,null,66,66,null,null,66,66,null,66,null,null,null,66,null,null,66,null,null,66,null,null,null,66,66,null,null,null,null,null,66,null,null,66,66,66,null,66,66,66,66,66,66,66,66,66,null,66,66,66,66,66,66,66,null,null,null,null,null,null,null,null,null,null,null,66,66,66,66,66,66,66,66,66,null,66,66,66,66,66,null,66,66,66,66,66,null,null,null,66,66,66,null,null,66,66,null,66,66,null,66,66,66,66,66,66,66,66,66,66,66,66,66,66,66,66,66,null,66,66]
[null,67,null,null,67,67,null,67,null,null,67,67,null,null,null,null,67,67,null,67,null,null,67,67,null,67,67,null,67,67,null,67,null,null,null,67,null,null,null,67,null,null,null,67,null,null,null,67,null,null,67,67,67,null,null,67,null,null,null,67,null,null,67,67,null,67,null,null,null,67,null,null,67,67,67,67,null,67,null,null,null,67,null,null,67,67,null,null,67,67,null,67,null,null,null,67,null,null,67,null,null,67,null,null,null,67,67,null,null,null,null,null,67,null,null,67,67,67,null,67,67,67,67,67,67,67,67,67,null,67,67,67,67,67,67,67,null,null,null,null,null,null,null,null,null,null,null,67,67,67,67,67,67,67,67,67,null,67,67,67,67,67,null,67,67,67,67,67,null,null,null,67,67,67,null,null,67,67,null,67,67,null,67,67,67,67,67,67,67,67,67,67,67,67,67,67,67,67,67,null,67,67]
[null,68,null,null,68,68,null,68,null,null,68,68,null,null,null,null,68,68,null,68,null,null,68,68,null,68,68,null,68,68,null,68,null,null,null,68,null,null,null,68,null,null,null,68,null,null,null,68,null,null,68,68,68,null,null,68,null,null,null,68,null,null,68,68,null,68,null,null,null,68,null,null,68,68,68,68,null,68,null,null,null,68,null,null,68,68,null,null,68,68,null,68,null,null,null,68,null,null,68,null,null,68,null,null,null,68,68,null,null,null,null,null,68,null,null,68,68,68,null,68,68,68,68,68,68,68,68,68,null,68,68,68,68,68,68,68,null,null,null,null,null,null,null,null,null,null,null,68,68,68,68,68,68,68,68,68,null,68,68,68,68,68,null,68,68,68,68,68,null,null,null,68,68,68,null,null,68,68,null,68,68,null,68,68,68,68,68,68,68,68,68,68,68,68,68,68,68,68,68,null,68,68]
[null,69,null,null,69,69,null,69,null,null,69,69,null,null,null,null,69,69,null,69,null,null,69,69,null,69,69,null,69,69,null,69,null,null,null,69,null,null,null,69,null,null,null,69,null,null,null,69,null,null,69,69,69,null,null,69,null,null,null,69,null,null,69,69,null,69,null,null,null,69,null,null,69,69,69,69,null,69,null,null,null,69,null,null,69,69,null,null,69,69,null,69,null,null,null,69,null,null,69,null,null,69,null,null,null,69,69,null,null,null,null,null,69,null,null,69,69,69,null,69,69,69,69,69,69,69,69,69,null,69,69,69,69,69,69,69,null,null,null,null,null,null,null,null,null,null,null,69,69,69,69,69,69,69,69,69,null,69,69,69,69,69,null,69,69,69,69,69,null,null,null,69,69,69,null,null,69,69,null,69,69,null,69,69,69,69,69,69,69,69,69,69,69,69,69,69,69,69,69,null,69,69]
[null,70,null,null,70,70,null,70,null,null,70,70,null,null,null,null,70,70,null,70,null,null,70,70,null,70,70,null,70,70,null,70,null,null,null,70,null,null,null,70,null,null,null,70,null,null,null,70,null,null,70,70,70,null,null,70,null,null,null,70,null,null,70,70,null,70,null,null,null,70,null,null,70,70,70,70,null,70,null,null,null,70,null,null,70,70,null,null,70,70,null,70,null,null,null,70,null,null,70,null,null,70,null,null,null,70,70,null,null,null,null,null,70,null,null,70,70,70,null,70,70,70,70,70,70,70,70,70,null,70,70,70,70,70,70,70,null,null,null,null,null,null,null,null,null,null,null,70,70,70,70,70,70,70,70,70,null,70,70,70,70,70,null,70,70,70,70,70,null,null,null,70,70,70,null,null,70,70,null,70,70,null,70,70,70,70,70,70,70,70,70,70,70,70,70,70,70,70,70,null,70,70]
[null,null,null,null,71,71,null,null,null,null,71,71,null,null,null,null,71,71,null,null,null,null,71,71,null,71,71,null,71,71,null,null,null,null,null,null,null,null,null,null,null,null,null,null,null,null,null,null,null,null,71,null,71,null,null,null,null,null,null,null,null,null,71,71,null,null,null,null,null,null,null,null,71,71,71,71,null,null,null,null,null,null,null,null,71,null,null,null,71,71,null,71,null,null,null,71,null,null,71,null,null,71,null,null,null,71,71,null,null,null,null,null,71,null,null,71,71,71,null,71,71,71,71,71,71,71,71,71,null,71,71,71,71,71,71,71,null,null,null,null,null,null,null,null,null,null,null,71,71,71,71,71,71,71,71,71,null,71,71,71,71,71,null,71,71,71,71,71,null,null,null,71,71,71,null,null,71,71,null,71,71,null,71,71,71,71,71,71,71,71,71,71,71,71,71,71,71,71,71,null,71,71]
[null,null,null,null,72,72,null,null,null,null,72,72,null,null,null,null,72,72,null,null,null,null,72,72,null,72,72,null,72,72,null,null,null,null,null,null,null,null,null,null,null,null,null,null,null,null,null,null,null,null,72,null,72,null,null,null,null,null,null,null,null,null,72,72,null,null,null,null,null,null,null,null,72,72,72,72,null,null,null,null,null,null,null,null,72,null,null,null,72,72,null,72,null,null,null,72,null,null,72,null,null,72,null,null,null,72,72,null,null,null,null,null,72,null,null,72,72,72,null,72,72,72,72,72,72,72,72,72,null,72,72,72,72,72,72,72,null,null,null,null,null,null,null,null,null,null,null,72,72,72,72,72,72,72,72,72,null,72,72,72,72,72,null,72,72,72,72,72,null,null,null,72,72,72,null,null,72,72,null,72,72,null,72,72,72,72,72,72,72,72,72,72,72,72,72,72,72,72,72,null,72,72]
[null,null,null,null,null,null,null,null,null,null,73,73,null,null,null,null,null,null,null,null,null,null,73,73,null,73,73,null,null,null,null,null,null,null,null,null,null,null,null,null,null,null,null,null,null,null,null,null,null,null,73,null,73,null,null,null,null,null,null,null,null,null,null,null,null,null,null,null,null,null,null,null,null,null,null,null,null,null,null,null,null,null,null,null,73,null,null,null,null,73,null,null,null,null,null,null,null,null,null,null,null,null,null,null,null,73,73,null,null,null,null,null,null,null,null,null,73,73,null,73,null,73,73,73,73,73,null,73,null,73,73,73,73,73,73,73,null,null,null,null,null,null,null,null,null,null,null,73,null,73,73,null,73,null,73,73,null,73,73,null,73,73,null,73,73,null,73,73,null,null,null,73,73,73,null,null,73,73,null,73,73,null,73,73,73,73,null,73,73,null,73,73,null,73,null,73,null,73,73,null,73,73]
[null,null,null,null,null,null,null,null,null,null,74,74,null,null,null,null,null,null,null,null,null,null,74,74,null,74,74,null,null,null,null,null,null,null,null,null,null,null,null,null,null,null,null,null,null,null,null,null,null,null,74,null,74,null,null,null,null,null,null,null,null,null,null,null,null,null,null,null,null,null,null,null,null,null,null,null,null,null,null,null,null,null,null,null,74,null,null,null,null,74,null,null,null,null,null,null,null,null,null,null,null,null,null,null,null,74,74,null,null,null,null,null,null,null,null,null,74,74,null,74,null,74,74,74,74,74,null,74,null,74,74,74,74,74,74,74,null,null,null,null,null,null,null,null,null,null,null,74,null,74,74,null,74,null,74,74,null,74,74,null,74,74,null,74,74,null,74,74,null,null,null,74,74,74,null,null,74,74,null,74,74,null,74,74,74,74,null,74,74,null,74,74,null,74,null,74,null,74,74,null,74,74]
[null,null,null,null,null,null,null,null,null,null,75,75,null,null,null,null,null,null,null,null,null,null,75,75,null,75,75,null,null,null,null,null,null,null,null,null,null,null,null,null,null,null,null,null,null,null,null,null,null,null,75,null,75,null,null,null,null,null,null,null,null,null,null,null,null,null,null,null,null,null,null,null,null,null,null,null,null,null,null,null,null,null,null,null,75,null,null,null,null,75,null,null,null,null,null,null,null,null,null,null,null,null,null,null,null,75,75,null,null,null,null,null,null,null,null,null,75,75,null,75,null,75,75,75,75,75,null,75,null,75,75,75,75,75,75,75,null,null,null,null,null,null,null,null,null,null,null,75,null,75,75,null,75,null,75,75,null,75,75,null,75,75,null,75,75,null,75,75,null,null,null,75,75,75,null,null,75,75,null,75,75,null,75,75,75,75,null,75,75,null,75,75,null,75,null,75,null,75,75,null,75,75]
[null,null,null,null,null,null,null,null,null,null,76,76,null,null,null,null,null,null,null,null,null,null,76,76,null,76,76,null,null,null,null,null,null,null,null,null,null,null,null,null,null,null,null,null,null,null,null,null,null,null,76,null,76,null,null,null,null,null,null,null,null,null,null,null,null,null,null,null,null,null,null,null,null,null,null,null,null,null,null,null,null,null,null,null,76,null,null,null,null,76,null,null,null,null,null,null,null,null,null,null,null,null,null,null,null,76,76,null,null,null,null,null,null,null,null,null,76,76,null,76,null,76,76,76,76,76,null,76,null,76,76,76,76,76,76,76,null,null,null,null,null,null,null,null,null,null,null,76,null,76,76,null,76,null,76,76,null,76,76,null,76,76,null,76,76,null,76,76,null,null,null,76,76,76,null,null,76,76,null,76,76,null,76,76,76,76,null,76,76,null,76,76,null,76,null,76,null,76,76,null,76,76]
[null,null,null,null,null,null,null,null,null,null,77,77,null,null,null,null,null,null,null,null,null,null,77,77,null,77,77,null,null,null,null,null,null,null,null,null,null,null,null,null,null,null,null,null,null,null,null,null,null,null,77,null,77,null,null,null,null,null,null,null,null,null,null,null,null,null,null,null,null,null,null,null,null,null,null,null,null,null,null,null,null,null,null,null,77,null,null,null,null,77,null,null,null,null,null,null,null,null,null,null,null,null,null,null,null,77,77,null,null,null,null,null,null,null,null,null,77,77,null,77,null,77,77,77,77,77,null,77,null,77,77,77,77,77,77,77,null,null,null,null,null,null,null,null,null,null,null,77,null,77,77,null,77,null,77,77,null,77,77,null,77,77,null,77,77,null,77,77,null,null,null,77,77,77,null,null,77,77,null,77,77,null,77,77,77,77,null,77,77,null,77,77,null,77,null,77,null,77,77,null,77,77]
[null,null,null,null,null,null,null,null,null,null,78,78,null,null,null,null,null,null,null,null,null,null,78,78,null,78,78,null,null,null,null,null,null,null,null,null,null,null,null,null,null,null,null,null,null,null,null,null,null,null,78,null,78,null,null,null,null,null,null,null,null,null,null,null,null,null,null,null,null,null,null,null,null,null,null,null,null,null,null,null,null,null,null,null,78,null,null,null,null,78,null,null,null,null,null,null,null,null,null,null,null,null,null,null,null,78,78,null,null,null,null,null,null,null,null,null,78,78,null,78,null,78,78,78,78,78,null,78,null,78,78,78,78,78,78,78,null,null,null,null,null,null,null,null,null,null,null,78,null,78,78,null,78,null,78,78,null,78,78,null,78,78,null,78,78,null,78,78,null,null,null,78,78,78,null,null,78,78,null,78,78,null,78,78,78,78,null,78,78,null,78,78,null,78,null,78,null,78,78,null,78,78]
[null,null,null,null,null,null,null,null,null,null,79,79,null,null,null,null,null,null,null,null,null,null,79,79,null,79,79,null,null,null,null,null,null,null,null,null,null,null,null,null,null,null,null,null,null,null,null,null,null,null,79,null,79,null,null,null,null,null,null,null,null,null,null,null,null,null,null,null,null,null,null,null,null,null,null,null,null,null,null,null,null,null,null,null,79,null,null,null,null,79,null,null,null,null,null,null,null,null,null,null,null,null,null,null,null,79,79,null,null,null,null,null,null,null,null,null,79,79,null,79,null,79,79,79,79,79,null,79,null,79,79,79,79,79,79,79,null,null,null,null,null,null,null,null,null,null,null,79,null,79,79,null,79,null,79,79,null,79,79,null,79,79,null,79,79,null,79,79,null,null,null,79,79,79,null,null,79,79,null,79,79,null,79,79,79,79,null,79,79,null,79,79,null,79,null,79,null,79,79,null,79,79]
[null,null,null,null,null,null,null,null,null,null,80,80,null,null,null,null,null,null,null,null,null,null,80,80,null,80,80,null,null,null,null,null,null,null,null,null,null,null,null,null,null,null,null,null,null,null,null,null,null,null,80,null,80,null,null,null,null,null,null,null,null,null,null,null,null,null,null,null,null,null,null,null,null,null,null,null,null,null,null,null,null,null,null,null,80,null,null,null,null,80,null,null,null,null,null,null,null,null,null,null,null,null,null,null,null,80,80,null,null,null,null,null,null,null,null,null,80,80,null,80,null,80,80,80,80,80,null,80,null,80,80,80,80,80,80,80,null,null,null,null,null,null,null,null,null,null,null,80,null,80,80,null,80,null,80,80,null,80,80,null,80,80,null,80,80,null,80,80,null,null,null,80,80,80,null,null,80,80,null,80,80,null,80,80,80,80,null,80,80,null,80,80,null,80,null,80,null,80,80,null,80,80]
[null,null,null,null,null,null,null,null,null,null,null,null,null,null,null,null,null,null,null,null,null,null,81,81,null,81,81,null,null,null,null,null,null,null,null,null,null,null,null,null,null,null,null,null,null,null,null,null,null,null,81,null,81,null,null,null,null,null,null,null,null,null,null,null,null,null,null,null,null,null,null,null,null,null,null,null,null,null,null,null,null,null,null,null,81,null,null,null,null,81,null,null,null,null,null,null,null,null,null,null,null,null,null,null,null,81,81,null,null,null,null,null,null,null,null,null,null,81,null,81,null,81,81,81,null,81,null,null,null,null,81,81,81,81,81,81,null,null,null,null,null,null,null,null,null,null,null,81,null,null,81,null,81,null,null,81,null,null,81,null,null,81,null,null,81,null,null,81,null,null,null,81,81,81,null,null,null,81,null,null,81,null,81,81,null,81,null,null,81,null,null,81,null,81,null,81,null,null,81,null,null,81]
[null,null,null,null,null,null,null,null,null,null,null,null,null,null,null,null,null,null,null,null,null,null,82,82,null,82,82,null,null,null,null,null,null,null,null,null,null,null,null,null,null,null,null,null,null,null,null,null,null,null,82,null,82,null,null,null,null,null,null,null,null,null,null,null,null,null,null,null,null,null,null,null,null,null,null,null,null,null,null,null,null,null,null,null,82,null,null,null,null,82,null,null,null,null,null,null,null,null,null,null,null,null,null,null,null,82,82,null,null,null,null,null,null,null,null,null,null,82,null,82,null,82,82,82,null,82,null,null,null,null,82,82,82,82,82,82,null,null,null,null,null,null,null,null,null,null,null,82,null,null,82,null,82,null,null,82,null,null,82,null,null,82,null,null,82,null,null,82,null,null,null,82,82,82,null,null,null,82,null,null,82,null,82,82,null,82,null,null,82,null,null,82,null,82,null,82,null,null,82,null,null,82]
[null,null,null,null,null,null,null,null,null,null,null,null,null,null,null,null,null,null,null,null,null,null,83,83,null,83,83,null,null,null,null,null,null,null,null,null,null,null,null,null,null,null,null,null,null,null,null,null,null,null,83,null,83,null,null,null,null,null,null,null,null,null,null,null,null,null,null,null,null,null,null,null,null,null,null,null,null,null,null,null,null,null,null,null,83,null,null,null,null,83,null,null,null,null,null,null,null,null,null,null,null,null,null,null,null,83,83,null,null,null,null,null,null,null,null,null,null,83,null,83,null,83,83,83,null,83,null,null,null,null,83,83,83,83,83,83,null,null,null,null,null,null,null,null,null,null,null,83,null,null,83,null,83,null,null,83,null,null,83,null,null,83,null,null,83,null,null,83,null,null,null,83,83,83,null,null,null,83,null,null,83,null,83,83,null,83,null,null,83,null,null,83,null,83,null,83,null,null,83,null,null,83]
[null,null,null,null,null,null,null,null,null,null,null,null,null,null,null,null,null,null,null,null,null,null,84,84,null,84,84,null,null,null,null,null,null,null,null,null,null,null,null,null,null,null,null,null,null,null,null,null,null,null,84,null,84,null,null,null,null,null,null,null,null,null,null,null,null,null,null,null,null,null,null,null,null,null,null,null,null,null,null,null,null,null,null,null,84,null,null,null,null,84,null,null,null,null,null,null,null,null,null,null,null,null,null,null,null,84,84,null,null,null,null,null,null,null,null,null,null,84,null,84,null,84,84,84,null,84,null,null,null,null,84,84,84,84,84,84,null,null,null,null,null,null,null,null,null,null,null,84,null,null,84,null,84,null,null,84,null,null,84,null,null,84,null,null,84,null,null,84,null,null,null,84,84,84,null,null,null,84,null,null,84,null,84,84,null,84,null,null,84,null,null,84,null,84,null,84,null,null,84,null,null,84]
[null,null,null,null,null,null,null,null,null,null,null,null,null,null,null,null,null,null,null,null,null,null,85,85,null,85,85,null,null,null,null,null,null,null,null,null,null,null,null,null,null,null,null,null,null,null,null,null,null,null,85,null,85,null,null,null,null,null,null,null,null,null,null,null,null,null,null,null,null,null,null,null,null,null,null,null,null,null,null,null,null,null,null,null,85,null,null,null,null,85,null,null,null,null,null,null,null,null,null,null,null,null,null,null,null,null,85,null,null,null,null,null,null,null,null,null,null,85,null,85,null,85,85,85,null,85,null,null,null,null,85,85,85,85,85,85,null,null,null,null,null,null,null,null,null,null,null,85,null,null,85,null,85,null,null,85,null,null,85,null,null,85,null,null,85,null,null,85,null,null,null,85,85,85,null,null,null,85,null,null,85,null,85,85,null,85,null,null,85,null,null,85,null,85,null,85,null,null,85,null,null,85]
[null,null,null,null,null,null,null,null,null,null,null,null,null,null,null,null,null,null,null,null,null,null,86,86,null,86,86,null,null,null,null,null,null,null,null,null,null,null,null,null,null,null,null,null,null,null,null,null,null,null,86,null,86,null,null,null,null,null,null,null,null,null,null,null,null,null,null,null,null,null,null,null,null,null,null,null,null,null,null,null,null,null,null,null,86,null,null,null,null,86,null,null,null,null,null,null,null,null,null,null,null,null,null,null,null,null,86,null,null,null,null,null,null,null,null,null,null,86,null,86,null,86,86,86,null,86,null,null,null,null,86,86,86,86,86,86,null,null,null,null,null,null,null,null,null,null,null,86,null,null,86,null,86,null,null,86,null,null,86,null,null,86,null,null,86,null,null,86,null,null,null,86,86,86,null,null,null,86,null,null,86,null,86,86,null,86,null,null,86,null,null,86,null,86,null,86,null,null,86,null,null,86]
[null,null,null,null,null,null,null,null,null,null,null,null,null,null,null,null,null,null,null,null,null,null,87,87,null,87,87,null,null,null,null,null,null,null,null,null,null,null,null,null,null,null,null,null,null,null,null,null,null,null,87,null,87,null,null,null,null,null,null,null,null,null,null,null,null,null,null,null,null,null,null,null,null,null,null,null,null,null,null,null,null,null,null,null,87,null,null,null,null,87,null,null,null,null,null,null,null,null,null,null,null,null,null,null,null,null,87,null,null,null,null,null,null,null,null,null,null,87,null,87,null,87,87,87,null,87,null,null,null,null,87,87,87,87,87,87,null,null,null,null,null,null,null,null,null,null,null,87,null,null,87,null,87,null,null,87,null,null,87,null,null,87,null,null,87,null,null,87,null,null,null,87,87,87,null,null,null,87,null,null,87,null,87,87,null,87,null,null,87,null,null,87,null,87,null,87,null,null,87,null,null,87]
[null,null,null,null,null,null,null,null,null,null,null,null,null,null,null,null,null,null,null,null,null,null,88,88,null,88,88,null,null,null,null,null,null,null,null,null,null,null,null,null,null,null,null,null,null,null,null,null,null,null,88,null,88,null,null,null,null,null,null,null,null,null,null,null,null,null,null,null,null,null,null,null,null,null,null,null,null,null,null,null,null,null,null,null,88,null,null,null,null,88,null,null,null,null,null,null,null,null,null,null,null,null,null,null,null,null,88,null,null,null,null,null,null,null,null,null,null,88,null,88,null,88,88,88,null,88,null,null,null,null,88,88,88,88,88,88,null,null,null,null,null,null,null,null,null,null,null,88,null,null,88,null,88,null,null,88,null,null,88,null,null,88,null,null,88,null,null,88,null,null,null,88,88,88,null,null,null,88,null,null,88,null,88,88,null,88,null,null,88,null,null,88,null,88,null,88,null,null,88,null,null,88]
[null,null,null,null,null,null,null,null,null,null,null,null,null,null,null,null,null,null,null,null,null,null,89,89,null,89,89,null,null,null,null,null,null,null,null,null,null,null,null,null,null,null,null,null,null,null,null,null,null,null,89,null,89,null,null,null,null,null,null,null,null,null,null,null,null,null,null,null,null,null,null,null,null,null,null,null,null,null,null,null,null,null,null,null,89,null,null,null,null,89,null,null,null,null,null,null,null,null,null,null,null,null,null,null,null,null,89,null,null,null,null,null,null,null,null,null,null,89,null,89,null,89,89,89,null,89,null,null,null,null,89,89,89,89,89,89,null,null,null,null,null,null,null,null,null,null,null,89,null,null,89,null,89,null,null,89,null,null,89,null,null,89,null,null,89,null,null,89,null,null,null,89,89,89,null,null,null,89,null,null,89,null,89,89,null,89,null,null,89,null,null,89,null,89,null,89,null,null,89,null,null,89]
[null,null,null,null,null,null,null,null,null,null,null,null,null,null,null,null,null,null,null,null,null,null,90,90,null,90,90,null,null,null,null,null,null,null,null,null,null,null,null,null,null,null,null,null,null,null,null,null,null,null,90,null,90,null,null,null,null,null,null,null,null,null,null,null,null,null,null,null,null,null,null,null,null,null,null,null,null,null,null,null,null,null,null,null,90,null,null,null,null,90,null,null,null,null,null,null,null,null,null,null,null,null,null,null,null,null,90,null,null,null,null,null,null,null,null,null,null,90,null,90,null,90,90,90,null,90,null,null,null,null,90,90,90,90,90,90,null,null,null,null,null,null,null,null,null,null,null,90,null,null,90,null,90,null,null,90,null,null,90,null,null,90,null,null,90,null,null,90,null,null,null,90,90,90,null,null,null,90,null,null,90,null,90,90,null,90,null,null,90,null,null,90,null,90,null,90,null,null,90,null,null,90]
[null,null,null,null,null,null,null,null,null,null,null,null,null,null,null,null,null,null,null,null,null,null,91,91,null,91,91,null,null,null,null,null,null,null,null,null,null,null,null,null,null,null,null,null,null,null,null,null,null,null,null,null,91,null,null,null,null,null,null,null,null,null,null,null,null,null,null,null,null,null,null,null,null,null,null,null,null,null,null,null,null,null,null,null,91,null,null,null,null,91,null,null,null,null,null,null,null,null,null,null,null,null,null,null,null,null,null,null,null,null,null,null,null,null,null,null,null,91,null,null,null,91,91,91,null,91,null,null,null,null,91,91,91,91,91,91,null,null,null,null,null,null,null,null,null,null,null,null,null,null,91,null,null,null,null,91,null,null,91,null,null,91,null,null,91,null,null,91,null,null,null,91,91,91,null,null,null,91,null,null,91,null,null,null,null,null,null,null,91,null,null,91,null,null,null,null,null,null,91,null,null,91]
[null,null,null,null,null,null,null,null,null,null,null,null,null,null,null,null,null,null,null,null,null,null,92,92,null,92,92,null,null,null,null,null,null,null,null,null,null,null,null,null,null,null,null,null,null,null,null,null,null,null,null,null,92,null,null,null,null,null,null,null,null,null,null,null,null,null,null,null,null,null,null,null,null,null,null,null,null,null,null,null,null,null,null,null,92,null,null,null,null,92,null,null,null,null,null,null,null,null,null,null,null,null,null,null,null,null,null,null,null,null,null,null,null,null,null,null,null,92,null,null,null,92,92,92,null,92,null,null,null,null,92,92,92,92,92,92,null,null,null,null,null,null,null,null,null,null,null,null,null,null,92,null,null,null,null,92,null,null,92,null,null,92,null,null,92,null,null,92,null,null,null,92,92,92,null,null,null,92,null,null,92,null,null,null,null,null,null,null,92,null,null,92,null,null,null,null,null,null,92,null,null,92]
[null,null,null,null,null,null,null,null,null,null,null,null,null,null,null,null,null,null,null,null,null,null,93,93,null,93,93,null,null,null,null,null,null,null,null,null,null,null,null,null,null,null,null,null,null,null,null,null,null,null,null,null,93,null,null,null,null,null,null,null,null,null,null,null,null,null,null,null,null,null,null,null,null,null,null,null,null,null,null,null,null,null,null,null,93,null,null,null,null,93,null,null,null,null,null,null,null,null,null,null,null,null,null,null,null,null,null,null,null,null,null,null,null,null,null,null,null,93,null,null,null,93,93,93,null,93,null,null,null,null,93,93,93,93,93,93,null,null,null,null,null,null,null,null,null,null,null,null,null,null,93,null,null,null,null,93,null,null,93,null,null,93,null,null,93,null,null,93,null,null,null,93,93,93,null,null,null,93,null,null,93,null,null,null,null,null,null,null,93,null,null,93,null,null,null,null,null,null,93,null,null,93]
[null,null,null,null,null,null,null,null,null,null,null,null,null,null,null,null,null,null,null,null,null,null,94,94,null,94,94,null,null,null,null,null,null,null,null,null,null,null,null,null,null,null,null,null,null,null,null,null,null,null,null,null,94,null,null,null,null,null,null,null,null,null,null,null,null,null,null,null,null,null,null,null,null,null,null,null,null,null,null,null,null,null,null,null,94,null,null,null,null,94,null,null,null,null,null,null,null,null,null,null,null,null,null,null,null,null,null,null,null,null,null,null,null,null,null,null,null,94,null,null,null,94,94,94,null,94,null,null,null,null,94,94,94,94,94,94,null,null,null,null,null,null,null,null,null,null,null,null,null,null,94,null,null,null,null,94,null,null,94,null,null,94,null,null,94,null,null,94,null,null,null,94,94,94,null,null,null,94,null,null,94,null,null,null,null,null,null,null,94,null,null,94,null,null,null,null,null,null,94,null,null,94]
[null,null,null,null,null,null,null,null,null,null,null,null,null,null,null,null,null,null,null,null,null,null,null,null,null,null,null,null,null,null,null,null,null,null,null,null,null,null,null,null,null,null,null,null,null,null,null,null,null,null,null,null,95,null,null,null,null,null,null,null,null,null,null,null,null,null,null,null,null,null,null,null,null,null,null,null,null,null,null,null,null,null,null,null,95,null,null,null,null,95,null,null,null,null,null,null,null,null,null,null,null,null,null,null,null,null,null,null,null,null,null,null,null,null,null,null,null,95,null,null,null,95,95,95,null,95,null,null,null,null,95,95,95,95,95,95,null,null,null,null,null,null,null,null,null,null,null,null,null,null,95,null,null,null,null,95,null,null,95,null,null,95,null,null,95,null,null,95,null,null,null,95,95,95,null,null,null,95,null,null,95,null,null,null,null,null,null,null,95,null,null,95,null,null,null,null,null,null,95,null,null,95]
[null,null,null,null,null,null,null,null,null,null,null,null,null,null,null,null,null,null,null,null,null,null,null,null,null,null,null,null,null,null,null,null,null,null,null,null,null,null,null,null,null,null,null,null,null,null,null,null,null,null,null,null,96,null,null,null,null,null,null,null,null,null,null,null,null,null,null,null,null,null,null,null,null,null,null,null,null,null,null,null,null,null,null,null,96,null,null,null,null,96,null,null,null,null,null,null,null,null,null,null,null,null,null,null,null,null,null,null,null,null,null,null,null,null,null,null,null,96,null,null,null,96,96,96,null,96,null,null,null,null,96,96,96,96,96,96,null,null,null,null,null,null,null,null,null,null,null,null,null,null,96,null,null,null,null,96,null,null,96,null,null,96,null,null,96,null,null,96,null,null,null,96,96,96,null,null,null,96,null,null,96,null,null,null,null,null,null,null,96,null,null,96,null,null,null,null,null,null,96,null,null,96]
[null,null,null,null,null,null,null,null,null,null,null,null,null,null,null,null,null,null,null,null,null,null,null,null,null,null,null,null,null,null,null,null,null,null,null,null,null,null,null,null,null,null,null,null,null,null,null,null,null,null,null,null,97,null,null,null,null,null,null,null,null,null,null,null,null,null,null,null,null,null,null,null,null,null,null,null,null,null,null,null,null,null,null,null,97,null,null,null,null,null,null,null,null,null,null,null,null,null,null,null,null,null,null,null,null,null,null,null,null,null,null,null,null,null,null,null,null,97,null,null,null,97,97,97,null,97,null,null,null,null,97,97,97,97,97,97,null,null,null,null,null,null,null,null,null,null,null,null,null,null,97,null,null,null,null,97,null,null,97,null,null,97,null,null,97,null,null,97,null,null,null,97,97,97,null,null,null,97,null,null,97,null,null,null,null,null,null,null,97,null,null,97,null,null,null,null,null,null,97,null,null,97]
[null,null,null,null,null,null,null,null,null,null,null,null,null,null,null,null,null,null,null,null,null,null,null,null,null,null,null,null,null,null,null,null,null,null,null,null,null,null,null,null,null,null,null,null,null,null,null,null,null,null,null,null,98,null,null,null,null,null,null,null,null,null,null,null,null,null,null,null,null,null,null,null,null,null,null,null,null,null,null,null,null,null,null,null,98,null,null,null,null,null,null,null,null,null,null,null,null,null,null,null,null,null,null,null,null,null,null,null,null,null,null,null,null,null,null,null,null,98,null,null,null,98,98,98,null,98,null,null,null,null,98,98,98,98,98,98,null,null,null,null,null,null,null,null,null,null,null,null,null,null,98,null,null,null,null,98,null,null,98,null,null,98,null,null,98,null,null,98,null,null,null,98,98,98,null,null,null,98,null,null,98,null,null,null,null,null,null,null,98,null,null,98,null,null,null,null,null,null,98,null,null,98]
[null,null,null,null,null,null,null,null,null,null,null,null,null,null,null,null,null,null,null,null,null,null,null,null,null,null,null,null,null,null,null,null,null,null,null,null,null,null,null,null,null,null,null,null,null,null,null,null,null,null,null,null,99,null,null,null,null,null,null,null,null,null,null,null,null,null,null,null,null,null,null,null,null,null,null,null,null,null,null,null,null,null,null,null,99,null,null,null,null,null,null,null,null,null,null,null,null,null,null,null,null,null,null,null,null,null,null,null,null,null,null,null,null,null,null,null,null,99,null,null,null,99,99,99,null,99,null,null,null,null,99,99,99,99,99,99,null,null,null,null,null,null,null,null,null,null,null,null,null,null,99,null,null,null,null,99,null,null,99,null,null,99,null,null,99,null,null,99,null,null,null,99,99,99,null,null,null,99,null,null,99,null,null,null,null,null,null,null,99,null,null,99,null,null,null,null,null,null,99,null,null,99]
[null,null,null,null,null,null,null,null,null,null,null,null,null,null,null,null,null,null,null,null,null,null,null,null,null,null,null,null,null,null,null,null,null,null,null,null,null,null,null,null,null,null,null,null,null,null,null,null,null,null,null,null,100,null,null,null,null,null,null,null,null,null,null,null,null,null,null,null,null,null,null,null,null,null,null,null,null,null,null,null,null,null,null,null,100,null,null,null,null,null,null,null,null,null,null,null,null,null,null,null,null,null,null,null,null,null,null,null,null,null,null,null,null,null,null,null,null,100,null,null,null,100,100,100,null,100,null,null,null,null,100,100,100,100,100,100,null,null,null,null,null,null,null,null,null,null,null,null,null,null,100,null,null,null,null,100,null,null,100,null,null,100,null,null,100,null,null,100,null,null,null,100,100,100,null,null,null,100,null,null,100,null,null,null,null,null,null,null,100,null,null,100,null,null,null,null,null,null,100,null,null,100]
[null,null,null,null,null,null,null,null,null,null,null,null,null,null,null,null,null,null,null,null,null,null,null,null,null,null,null,null,null,null,null,null,null,null,null,null,null,null,null,null,null,null,null,null,null,null,null,null,null,null,null,null,101,null,null,null,null,null,null,null,null,null,null,null,null,null,null,null,null,null,null,null,null,null,null,null,null,null,null,null,null,null,null,null,101,null,null,null,null,null,null,null,null,null,null,null,null,null,null,null,null,null,null,null,null,null,null,null,null,null,null,null,null,null,null,null,null,101,null,null,null,null,null,null,null,101,null,null,null,null,null,null,null,null,null,null,null,null,null,null,null,null,null,null,null,null,null,null,null,null,101,null,null,null,null,101,null,null,101,null,null,101,null,null,101,null,null,101,null,null,null,null,101,null,null,null,null,101,null,null,101,null,null,null,null,null,null,null,101,null,null,101,null,null,null,null,null,null,101,null,null,101]
[null,null,null,null,null,null,null,null,null,null,null,null,null,null,null,null,null,null,null,null,null,null,null,null,null,null,null,null,null,null,null,null,null,null,null,null,null,null,null,null,null,null,null,null,null,null,null,null,null,null,null,null,102,null,null,null,null,null,null,null,null,null,null,null,null,null,null,null,null,null,null,null,null,null,null,null,null,null,null,null,null,null,null,null,102,null,null,null,null,null,null,null,null,null,null,null,null,null,null,null,null,null,null,null,null,null,null,null,null,null,null,null,null,null,null,null,null,102,null,null,null,null,null,null,null,102,null,null,null,null,null,null,null,null,null,null,null,null,null,null,null,null,null,null,null,null,null,null,null,null,102,null,null,null,null,102,null,null,102,null,null,102,null,null,102,null,null,102,null,null,null,null,102,null,null,null,null,102,null,null,102,null,null,null,null,null,null,null,102,null,null,102,null,null,null,null,null,null,102,null,null,102]
[null,null,null,null,null,null,null,null,null,null,null,null,null,null,null,null,null,null,null,null,null,null,null,null,null,null,null,null,null,null,null,null,null,null,null,null,null,null,null,null,null,null,null,null,null,null,null,null,null,null,null,null,103,null,null,null,null,null,null,null,null,null,null,null,null,null,null,null,null,null,null,null,null,null,null,null,null,null,null,null,null,null,null,null,103,null,null,null,null,null,null,null,null,null,null,null,null,null,null,null,null,null,null,null,null,null,null,null,null,null,null,null,null,null,null,null,null,103,null,null,null,null,null,null,null,103,null,null,null,null,null,null,null,null,null,null,null,null,null,null,null,null,null,null,null,null,null,null,null,null,103,null,null,null,null,103,null,null,103,null,null,103,null,null,103,null,null,103,null,null,null,null,103,null,null,null,null,103,null,null,103,null,null,null,null,null,null,null,103,null,null,103,null,null,null,null,null,null,103,null,null,103]
[null,null,null,null,null,null,null,null,null,null,null,null,null,null,null,null,null,null,null,null,null,null,null,null,null,null,null,null,null,null,null,null,null,null,null,null,null,null,null,null,null,null,null,null,null,null,null,null,null,null,null,null,104,null,null,null,null,null,null,null,null,null,null,null,null,null,null,null,null,null,null,null,null,null,null,null,null,null,null,null,null,null,null,null,104,null,null,null,null,null,null,null,null,null,null,null,null,null,null,null,null,null,null,null,null,null,null,null,null,null,null,null,null,null,null,null,null,104,null,null,null,null,null,null,null,104,null,null,null,null,null,null,null,null,null,null,null,null,null,null,null,null,null,null,null,null,null,null,null,null,104,null,null,null,null,104,null,null,104,null,null,104,null,null,104,null,null,104,null,null,null,null,104,null,null,null,null,104,null,null,104,null,null,null,null,null,null,null,104,null,null,104,null,null,null,null,null,null,104,null,null,104]
[null,null,null,null,null,null,null,null,null,null,null,null,null,null,null,null,null,null,null,null,null,null,null,null,null,null,null,null,null,null,null,null,null,null,null,null,null,null,null,null,null,null,null,null,null,null,null,null,null,null,null,null,105,null,null,null,null,null,null,null,null,null,null,null,null,null,null,null,null,null,null,null,null,null,null,null,null,null,null,null,null,null,null,null,105,null,null,null,null,null,null,null,null,null,null,null,null,null,null,null,null,null,null,null,null,null,null,null,null,null,null,null,null,null,null,null,null,105,null,null,null,null,null,null,null,105,null,null,null,null,null,null,null,null,null,null,null,null,null,null,null,null,null,null,null,null,null,null,null,null,105,null,null,null,null,105,null,null,105,null,null,105,null,null,105,null,null,105,null,null,null,null,105,null,null,null,null,105,null,null,105,null,null,null,null,null,null,null,105,null,null,105,null,null,null,null,null,null,105,null,null,105]
[null,null,null,null,null,null,null,null,null,null,null,null,null,null,null,null,null,null,null,null,null,null,null,null,null,null,null,null,null,null,null,null,null,null,null,null,null,null,null,null,null,null,null,null,null,null,null,null,null,null,null,null,null,null,null,null,null,null,null,null,null,null,null,null,null,null,null,null,null,null,null,null,null,null,null,null,null,null,null,null,null,null,null,null,null,null,null,null,null,null,null,null,null,null,null,null,null,null,null,null,null,null,null,null,null,null,null,null,null,null,null,null,null,null,null,null,null,106,null,null,null,null,null,null,null,106,null,null,null,null,null,null,null,null,null,null,null,null,null,null,null,null,null,null,null,null,null,null,null,null,106,null,null,null,null,106,null,null,106,null,null,106,null,null,106,null,null,106,null,null,null,null,106,null,null,null,null,106,null,null,106,null,null,null,null,null,null,null,106,null,null,106,null,null,null,null,null,null,106,null,null,106]
[null,null,null,null,null,null,null,null,null,null,null,null,null,null,null,null,null,null,null,null,null,null,null,null,null,null,null,null,null,null,null,null,null,null,null,null,null,null,null,null,null,null,null,null,null,null,null,null,null,null,null,null,null,null,null,null,null,null,null,null,null,null,null,null,null,null,null,null,null,null,null,null,null,null,null,null,null,null,null,null,null,null,null,null,null,null,null,null,null,null,null,null,null,null,null,null,null,null,null,null,null,null,null,null,null,null,null,null,null,null,null,null,null,null,null,null,null,107,null,null,null,null,null,null,null,107,null,null,null,null,null,null,null,null,null,null,null,null,null,null,null,null,null,null,null,null,null,null,null,null,107,null,null,null,null,107,null,null,107,null,null,107,null,null,107,null,null,107,null,null,null,null,107,null,null,null,null,107,null,null,107,null,null,null,null,null,null,null,107,null,null,107,null,null,null,null,null,null,107,null,null,107]
[null,null,null,null,null,null,null,null,null,null,null,null,null,null,null,null,null,null,null,null,null,null,null,null,null,null,null,null,null,null,null,null,null,null,null,null,null,null,null,null,null,null,null,null,null,null,null,null,null,null,null,null,null,null,null,null,null,null,null,null,null,null,null,null,null,null,null,null,null,null,null,null,null,null,null,null,null,null,null,null,null,null,null,null,null,null,null,null,null,null,null,null,null,null,null,null,null,null,null,null,null,null,null,null,null,null,null,null,null,null,null,null,null,null,null,null,null,108,null,null,null,null,null,null,null,108,null,null,null,null,null,null,null,null,null,null,null,null,null,null,null,null,null,null,null,null,null,null,null,null,108,null,null,null,null,108,null,null,108,null,null,108,null,null,108,null,null,108,null,null,null,null,108,null,null,null,null,108,null,null,108,null,null,null,null,null,null,null,108,null,null,108,null,null,null,null,null,null,108,null,null,108]
[null,null,null,null,null,null,null,null,null,null,null,null,null,null,null,null,null,null,null,null,null,null,null,null,null,null,null,null,null,null,null,null,null,null,null,null,null,null,null,null,null,null,null,null,null,null,null,null,null,null,null,null,null,null,null,null,null,null,null,null,null,null,null,null,null,null,null,null,null,null,null,null,null,null,null,null,null,null,null,null,null,null,null,null,null,null,null,null,null,null,null,null,null,null,null,null,null,null,null,null,null,null,null,null,null,null,null,null,null,null,null,null,null,null,null,null,null,109,null,null,null,null,null,null,null,109,null,null,null,null,null,null,null,null,null,null,null,null,null,null,null,null,null,null,null,null,null,null,null,null,109,null,null,null,null,109,null,null,109,null,null,109,null,null,109,null,null,109,null,null,null,null,109,null,null,null,null,109,null,null,109,null,null,null,null,null,null,null,109,null,null,109,null,null,null,null,null,null,109,null,null,109]
[null,null,null,null,null,null,null,null,null,null,null,null,null,null,null,null,null,null,null,null,null,null,null,null,null,null,null,null,null,null,null,null,null,null,null,null,null,null,null,null,null,null,null,null,null,null,null,null,null,null,null,null,null,null,null,null,null,null,null,null,null,null,null,null,null,null,null,null,null,null,null,null,null,null,null,null,null,null,null,null,null,null,null,null,null,null,null,null,null,null,null,null,null,null,null,null,null,null,null,null,null,null,null,null,null,null,null,null,null,null,null,null,null,null,null,null,null,110,null,null,null,null,null,null,null,110,null,null,null,null,null,null,null,null,null,null,null,null,null,null,null,null,null,null,null,null,null,null,null,null,110,null,null,null,null,110,null,null,110,null,null,110,null,null,110,null,null,110,null,null,null,null,110,null,null,null,null,110,null,null,110,null,null,null,null,null,null,null,110,null,null,110,null,null,null,null,null,null,110,null,null,110]
[null,null,null,null,null,null,null,null,null,null,null,null,null,null,null,null,null,null,null,null,null,null,null,null,null,null,null,null,null,null,null,null,null,null,null,null,null,null,null,null,null,null,null,null,null,null,null,null,null,null,null,null,null,null,null,null,null,null,null,null,null,null,null,null,null,null,null,null,null,null,null,null,null,null,null,null,null,null,null,null,null,null,null,null,null,null,null,null,null,null,null,null,null,null,null,null,null,null,null,null,null,null,null,null,null,null,null,null,null,null,null,null,null,null,null,null,null,null,null,null,null,null,null,null,null,111,null,null,null,null,null,null,null,null,null,null,null,null,null,null,null,null,null,null,null,null,null,null,null,null,111,null,null,null,null,null,null,null,111,null,null,null,null,null,111,null,null,null,null,null,null,null,111,null,null,null,null,null,null,null,null,null,null,null,null,null,null,null,111,null,null,111]
[null,null,null,null,null,null,null,null,null,null,null,null,null,null,null,null,null,null,null,null,null,null,null,null,null,null,null,null,null,null,null,null,null,null,null,null,null,null,null,null,null,null,null,null,null,null,null,null,null,null,null,null,null,null,null,null,null,null,null,null,null,null,null,null,null,null,null,null,null,null,null,null,null,null,null,null,null,null,null,null,null,null,null,null,null,null,null,null,null,null,null,null,null,null,null,null,null,null,null,null,null,null,null,null,null,null,null,null,null,null,null,null,null,null,null,null,null,null,null,null,null,null,null,null,null,112,null,null,null,null,null,null,null,null,null,null,null,null,null,null,null,null,null,null,null,null,null,null,null,null,112,null,null,null,null,null,null,null,112,null,null,null,null,null,112,null,null,null,null,null,null,null,112,null,null,null,null,null,null,null,null,null,null,null,null,null,null,null,112,null,null,112]
[null,null,null,null,null,null,null,null,null,null,null,null,null,null,null,null,null,null,null,null,null,null,null,null,null,null,null,null,null,null,null,null,null,null,null,null,null,null,null,null,null,null,null,null,null,null,null,null,null,null,null,null,null,null,null,null,null,null,null,null,null,null,null,null,null,null,null,null,null,null,null,null,null,null,null,null,null,null,null,null,null,null,null,null,null,null,null,null,null,null,null,null,null,null,null,null,null,null,null,null,null,null,null,null,null,null,null,null,null,null,null,null,null,null,null,null,null,null,null,null,null,null,null,null,null,113,null,null,null,null,null,null,null,null,null,null,null,null,null,null,null,null,null,null,null,null,null,null,null,null,113,null,null,null,null,null,null,null,113,null,null,null,null,null,113,null,null,null,null,null,null,null,113,null,null,null,null,null,null,null,null,null,null,null,null,null,null,null,113,null,null,113]
[null,null,null,null,null,null,null,null,null,null,null,null,null,null,null,null,null,null,null,null,null,null,null,null,null,null,null,null,null,null,null,null,null,null,null,null,null,null,null,null,null,null,null,null,null,null,null,null,null,null,null,null,null,null,null,null,null,null,null,null,null,null,null,null,null,null,null,null,null,null,null,null,null,null,null,null,null,null,null,null,null,null,null,null,null,null,null,null,null,null,null,null,null,null,null,null,null,null,null,null,null,null,null,null,null,null,null,null,null,null,null,null,null,null,null,null,null,null,null,null,null,null,null,null,null,114,null,null,null,null,null,null,null,null,null,null,null,null,null,null,null,null,null,null,null,null,null,null,null,null,114,null,null,null,null,null,null,null,114,null,null,null,null,null,114,null,null,null,null,null,null,null,114,null,null,null,null,null,null,null,null,null,null,null,null,null,null,null,114,null,null,114]
[null,null,null,null,null,null,null,null,null,null,null,null,null,null,null,null,null,null,null,null,null,null,null,null,null,null,null,null,null,null,null,null,null,null,null,null,null,null,null,null,null,null,null,null,null,null,null,null,null,null,null,null,null,null,null,null,null,null,null,null,null,null,null,null,null,null,null,null,null,null,null,null,null,null,null,null,null,null,null,null,null,null,null,null,null,null,null,null,null,null,null,null,null,null,null,null,null,null,null,null,null,null,null,null,null,null,null,null,null,null,null,null,null,null,null,null,null,null,null,null,null,null,null,null,null,115,null,null,null,null,null,null,null,null,null,null,null,null,null,null,null,null,null,null,null,null,null,null,null,null,115,null,null,null,null,null,null,null,115,null,null,null,null,null,115,null,null,null,null,null,null,null,115,null,null,null,null,null,null,null,null,null,null,null,null,null,null,null,115,null,null,115]
[null,null,null,null,null,null,null,null,null,null,null,null,null,null,null,null,null,null,null,null,null,null,null,null,null,null,null,null,null,null,null,null,null,null,null,null,null,null,null,null,null,null,null,null,null,null,null,null,null,null,null,null,null,null,null,null,null,null,null,null,null,null,null,null,null,null,null,null,null,null,null,null,null,null,null,null,null,null,null,null,null,null,null,null,null,null,null,null,null,null,null,null,null,null,null,null,null,null,null,null,null,null,null,null,null,null,null,null,null,null,null,null,null,null,null,null,null,null,null,null,null,null,null,null,null,116,null,null,null,null,null,null,null,null,null,null,null,null,null,null,null,null,null,null,null,null,null,null,null,null,116,null,null,null,null,null,null,null,116,null,null,null,null,null,116,null,null,null,null,null,null,null,116,null,null,null,null,null,null,null,null,null,null,null,null,null,null,null,116,null,null,116]
[null,null,null,null,null,null,null,null,null,null,null,null,null,null,null,null,null,null,null,null,null,null,null,null,null,null,null,null,null,null,null,null,null,null,null,null,null,null,null,null,null,null,null,null,null,null,null,null,null,null,null,null,null,null,null,null,null,null,null,null,null,null,null,null,null,null,null,null,null,null,null,null,null,null,null,null,null,null,null,null,null,null,null,null,null,null,null,null,null,null,null,null,null,null,null,null,null,null,null,null,null,null,null,null,null,null,null,null,null,null,null,null,null,null,null,null,null,null,null,null,null,null,null,null,null,117,null,null,null,null,null,null,null,null,null,null,null,null,null,null,null,null,null,null,null,null,null,null,null,null,117,null,null,null,null,null,null,null,117,null,null,null,null,null,117,null,null,null,null,null,null,null,117,null,null,null,null,null,null,null,null,null,null,null,null,null,null,null,117,null,null,117]
[null,null,null,null,null,null,null,null,null,null,null,null,null,null,null,null,null,null,null,null,null,null,null,null,null,null,null,null,null,null,null,null,null,null,null,null,null,null,null,null,null,null,null,null,null,null,null,null,null,null,null,null,null,null,null,null,null,null,null,null,null,null,null,null,null,null,null,null,null,null,null,null,null,null,null,null,null,null,null,null,null,null,null,null,null,null,null,null,null,null,null,null,null,null,null,null,null,null,null,null,null,null,null,null,null,null,null,null,null,null,null,null,null,null,null,null,null,null,null,null,null,null,null,null,null,118,null,null,null,null,null,null,null,null,null,null,null,null,null,null,null,null,null,null,null,null,null,null,null,null,118,null,null,null,null,null,null,null,118,null,null,null,null,null,118,null,null,null,null,null,null,null,118,null,null,null,null,null,null,null,null,null,null,null,null,null,null,null,118,null,null,118]
[null,null,null,null,null,null,null,null,null,null,null,null,null,null,null,null,null,null,null,null,null,null,null,null,null,null,null,null,null,null,null,null,null,null,null,null,null,null,null,null,null,null,null,null,null,null,null,null,null,null,null,null,null,null,null,null,null,null,null,null,null,null,null,null,null,null,null,null,null,null,null,null,null,null,null,null,null,null,null,null,null,null,null,null,null,null,null,null,null,null,null,null,null,null,null,null,null,null,null,null,null,null,null,null,null,null,null,null,null,null,null,null,null,null,null,null,null,null,null,null,null,null,null,null,null,119,null,null,null,null,null,null,null,null,null,null,null,null,null,null,null,null,null,null,null,null,null,null,null,null,119,null,null,null,null,null,null,null,119,null,null,null,null,null,119,null,null,null,null,null,null,null,119,null,null,null,null,null,null,null,null,null,null,null,null,null,null,null,119,null,null,119]
[null,null,null,null,null,null,null,null,null,null,null,null,null,null,null,null,null,null,null,null,null,null,null,null,null,null,null,null,null,null,null,null,null,null,null,null,null,null,null,null,null,null,null,null,null,null,null,null,null,null,null,null,null,null,null,null,null,null,null,null,null,null,null,null,null,null,null,null,null,null,null,null,null,null,null,null,null,null,null,null,null,null,null,null,null,null,null,null,null,null,null,null,null,null,null,null,null,null,null,null,null,null,null,null,null,null,null,null,null,null,null,null,null,null,null,null,null,null,null,null,null,null,null,null,null,120,null,null,null,null,null,null,null,null,null,null,null,null,null,null,null,null,null,null,null,null,null,null,null,null,120,null,null,null,null,null,null,null,120,null,null,null,null,null,120,null,null,null,null,null,null,null,120,null,null,null,null,null,null,null,null,null,null,null,null,null,null,null,120,null,null,120]
[null,null,null,null,null,null,null,null,null,null,null,null,null,null,null,null,null,null,null,null,null,null,null,null,null,null,null,null,null,null,null,null,null,null,null,null,null,null,null,null,null,null,null,null,null,null,null,null,null,null,null,null,null,null,null,null,null,null,null,null,null,null,null,null,null,null,null,null,null,null,null,null,null,null,null,null,null,null,null,null,null,null,null,null,null,null,null,null,null,null,null,null,null,null,null,null,null,null,null,null,null,null,null,null,null,null,null,null,null,null,null,null,null,null,null,null,null,null,null,null,null,null,null,null,null,null,null,null,null,null,null,null,null,null,null,null,null,null,null,null,null,null,null,null,null,null,null,null,null,null,null,null,null,null,null,null,null,null,null,null,null,null,null,null,null,null,null,null,null,null,null,null,121]
[null,null,null,null,null,null,null,null,null,null,null,null,null,null,null,null,null,null,null,null,null,null,null,null,null,null,null,null,null,null,null,null,null,null,null,null,null,null,null,null,null,null,null,null,null,null,null,null,null,null,null,null,null,null,null,null,null,null,null,null,null,null,null,null,null,null,null,null,null,null,null,null,null,null,null,null,null,null,null,null,null,null,null,null,null,null,null,null,null,null,null,null,null,null,null,null,null,null,null,null,null,null,null,null,null,null,null,null,null,null,null,null,null,null,null,null,null,null,null,null,null,null,null,null,null,null,null,null,null,null,null,null,null,null,null,null,null,null,null,null,null,null,null,null,null,null,null,null,null,null,null,null,null,null,null,null,null,null,null,null,null,null,null,null,null,null,null,null,null,null,null,null,122]
[null,null,null,null,null,null,null,null,null,null,null,null,null,null,null,null,null,null,null,null,null,null,null,null,null,null,null,null,null,null,null,null,null,null,null,null,null,null,null,null,null,null,null,null,null,null,null,null,null,null,null,null,null,null,null,null,null,null,null,null,null,null,null,null,null,null,null,null,null,null,null,null,null,null,null,null,null,null,null,null,null,null,null,null,null,null,null,null,null,null,null,null,null,null,null,null,null,null,null,null,null,null,null,null,null,null,null,null,null,null,null,null,null,null,null,null,null,null,null,null,null,null,null,null,null,null,null,null,null,null,null,null,null,null,null,null,null,null,null,null,null,null,null,null,null,null,null,null,null,null,null,null,null,null,null,null,null,null,null,null,null,null,null,null,null,null,null,null,null,null,null,null,123]
[null,null,null,null,null,null,null,null,null,null,null,null,null,null,null,null,null,null,null,null,null,null,null,null,null,null,null,null,null,null,null,null,null,null,null,null,null,null,null,null,null,null,null,null,null,null,null,null,null,null,null,null,null,null,null,null,null,null,null,null,null,null,null,null,null,null,null,null,null,null,null,null,null,null,null,null,null,null,null,null,null,null,null,null,null,null,null,null,null,null,null,null,null,null,null,null,null,null,null,null,null,null,null,null,null,null,null,null,null,null,null,null,null,null,null,null,null,null,null,null,null,null,null,null,null,null,null,null,null,null,null,null,null,null,null,null,null,null,null,null,null,null,null,null,null,null,null,null,null,null,null,null,null,null,null,null,null,null,null,null,null,null,null,null,null,null,null,null,null,null,null,null,124]
[null,null,null,null,null,null,null,null,null,null,null,null,null,null,null,null,null,null,null,null,null,null,null,null,null,null,null,null,null,null,null,null,null,null,null,null,null,null,null,null,null,null,null,null,null,null,null,null,null,null,null,null,null,null,null,null,null,null,null,null,null,null,null,null,null,null,null,null,null,null,null,null,null,null,null,null,null,null,null,null,null,null,null,null,null,null,null,null,null,null,null,null,null,null,null,null,null,null,null,null,null,null,null,null,null,null,null,null,null,null,null,null,null,null,null,null,null,null,null,null,null,null,null,null,null,null,null,null,null,null,null,null,null,null,null,null,null,null,null,null,null,null,null,null,null,null,null,null,null,null,null,null,null,null,null,null,null,null,null,null,null,null,null,null,null,null,null,null,null,null,null,null,125]
[null,null,null,null,null,null,null,null,null,null,null,null,null,null,null,null,null,null,null,null,null,null,null,null,null,null,null,null,null,null,null,null,null,null,null,null,null,null,null,null,null,null,null,null,null,null,null,null,null,null,null,null,null,null,null,null,null,null,null,null,null,null,null,null,null,null,null,null,null,null,null,null,null,null,null,null,null,null,null,null,null,null,null,null,null,null,null,null,null,null,null,null,null,null,null,null,null,null,null,null,null,null,null,null,null,null,null,null,null,null,null,null,null,null,null,null,null,null,null,null,null,null,null,null,null,null,null,null,null,null,null,null,null,null,null,null,null,null,null,null,null,null,null,null,null,null,null,null,null,null,null,null,null,null,null,null,null,null,null,null,null,null,null,null,null,null,null,null,null,null,null,null,126]
[null,null,null,null,null,null,null,null,null,null,null,null,null,null,null,null,null,null,null,null,null,null,null,null,null,null,null,null,null,null,null,null,null,null,null,null,null,null,null,null,null,null,null,null,null,null,null,null,null,null,null,null,null,null,null,null,null,null,null,null,null,null,null,null,null,null,null,null,null,null,null,null,null,null,null,null,null,null,null,null,null,null,null,null,null,null,null,null,null,null,null,null,null,null,null,null,null,null,null,null,null,null,null,null,null,null,null,null,null,null,null,null,null,null,null,null,null,null,null,null,null,null,null,null,null,null,null,null,null,null,null,null,null,null,null,null,null,null,null,null,null,null,null,null,null,null,null,null,null,null,null,null,null,null,null,null,null,null,null,null,null,null,null,null,null,null,null,null,null,null,null,null,127]
[null,null,null,null,null,null,null,null,null,null,null,null,null,null,null,null,null,null,null,null,null,null,null,null,null,null,null,null,null,null,null,null,null,null,null,null,null,null,null,null,null,null,null,null,null,null,null,null,null,null,null,null,null,null,null,null,null,null,null,null,null,null,null,null,null,null,null,null,null,null,null,null,null,null,null,null,null,null,null,null,null,null,null,null,null,null,null,null,null,null,null,null,null,null,null,null,null,null,null,null,null,null,null,null,null,null,null,null,null,null,null,null,null,null,null,null,null,null,null,null,null,null,null,null,null,null,null,null,null,null,null,null,null,null,null,null,null,null,null,null,null,null,null,null,null,null,null,null,null,null,null,null,null,null,null,null,null,null,null,null,null,null,null,null,null,null,null,null,null,null,null,null,128]
[null,null,null,null,null,null,null,null,null,null,null,null,null,null,null,null,null,null,null,null,null,null,null,null,null,null,null,null,null,null,null,null,null,null,null,null,null,null,null,null,null,null,null,null,null,null,null,null,null,null,null,null,null,null,null,null,null,null,null,null,null,null,null,null,null,null,null,null,null,null,null,null,null,null,null,null,null,null,null,null,null,null,null,null,null,null,null,null,null,null,null,null,null,null,null,null,null,null,null,null,null,null,null,null,null,null,null,null,null,null,null,null,null,null,null,null,null,null,null,null,null,null,null,null,null,null,null,null,null,null,null,null,null,null,null,null,null,null,null,null,null,null,null,null,null,null,null,null,null,null,null,null,null,null,null,null,null,null,null,null,null,null,null,null,null,null,null,null,null,null,null,null,129]
[null,null,null,null,null,null,null,null,null,null,null,null,null,null,null,null,null,null,null,null,null,null,null,null,null,null,null,null,null,null,null,null,null,null,null,null,null,null,null,null,null,null,null,null,null,null,null,null,null,null,null,null,null,null,null,null,null,null,null,null,null,null,null,null,null,null,null,null,null,null,null,null,null,null,null,null,null,null,null,null,null,null,null,null,null,null,null,null,null,null,null,null,null,null,null,null,null,null,null,null,null,null,null,null,null,null,null,null,null,null,null,null,null,null,null,null,null,null,null,null,null,null,null,null,null,null,null,null,null,null,null,null,null,null,null,null,null,null,null,null,null,null,null,null,null,null,null,null,null,null,null,null,null,null,null,null,null,null,null,null,null,null,null,null,null,null,null,null,null,null,null,null,130]
[null,null,null,null,null,null,null,null,null,null,null,null,null,null,null,null,null,null,null,null,null,null,null,null,null,null,null,null,null,null,null,null,null,null,null,null,null,null,null,null,null,null,null,null,null,null,null,null,null,null,null,null,null,null,null,null,null,null,null,null,null,null,null,null,null,null,null,null,null,null,null,null,null,null,null,null,null,null,null,null,null,null,null,null,null,null,null,null,null,null,null,null,null,null,null,null,null,null,null,null,null,null,null,null,null,null,null,null,null,null,null,null,null,null,null,null,null,null,null,null,null,null,null,null,null,null,null,null,null,null,null,null,null,null,null,null,null,null,null,null,null,null,null,null,null,null,null,null,null,null,null,null,null,null,null,null,null,null,null,null,null,null,null,null,null,null,null,null,null,null,null,null,131]
[null,null,null,null,null,null,null,null,null,null,null,null,null,null,null,null,null,null,null,null,null,null,null,null,null,null,null,null,null,null,null,null,null,null,null,null,null,null,null,null,null,null,null,null,null,null,null,null,null,null,null,null,null,null,null,null,null,null,null,null,null,null,null,null,null,null,null,null,null,null,null,null,null,null,null,null,null,null,null,null,null,null,null,null,null,null,null,null,null,null,null,null,null,null,null,null,null,null,null,null,null,null,null,null,null,null,null,null,null,null,null,null,null,null,null,null,null,null,null,null,null,null,null,null,null,null,null,null,null,null,null,null,null,null,null,null,null,null,null,null,null,null,null,null,null,null,null,null,null,null,null,null,null,null,null,null,null,null,null,null,null,null,null,null,null,null,null,null,null,null,null,null,132]
[null,null,null,null,null,null,null,null,null,null,null,null,null,null,null,null,null,null,null,null,null,null,null,null,null,null,null,null,null,null,null,null,null,null,null,null,null,null,null,null,null,null,null,null,null,null,null,null,null,null,null,null,null,null,null,null,null,null,null,null,null,null,null,null,null,null,null,null,null,null,null,null,null,null,null,null,null,null,null,null,null,null,null,null,null,null,null,null,null,null,null,null,null,null,null,null,null,null,null,null,null,null,null,null,null,null,null,null,null,null,null,null,null,null,null,null,null,null,null,null,null,null,null,null,null,null,null,null,null,null,null,null,null,null,null,null,null,null,null,null,null,null,null,null,null,null,null,null,null,null,null,null,null,null,null,null,null,null,null,null,null,null,null,null,null,null,null,null,null,null,null,null,133]
[null,null,null,null,null,null,null,null,null,null,null,null,null,null,null,null,null,null,null,null,null,null,null,null,null,null,null,null,null,null,null,null,null,null,null,null,null,null,null,null,null,null,null,null,null,null,null,null,null,null,null,null,null,null,null,null,null,null,null,null,null,null,null,null,null,null,null,null,null,null,null,null,null,null,null,null,null,null,null,null,null,null,null,null,null,null,null,null,null,null,null,null,null,null,null,null,null,null,null,null,null,null,null,null,null,null,null,null,null,null,null,null,null,null,null,null,null,null,null,null,null,null,null,null,null,null,null,null,null,null,null,null,null,null,null,null,null,null,null,null,null,null,null,null,null,null,null,null,null,null,null,null,null,null,null,null,null,null,null,null,null,null,null,null,null,null,null,null,null,null,null,null,134]
[null,null,null,null,null,null,null,null,null,null,null,null,null,null,null,null,null,null,null,null,null,null,null,null,null,null,null,null,null,null,null,null,null,null,null,null,null,null,null,null,null,null,null,null,null,null,null,null,null,null,null,null,null,null,null,null,null,null,null,null,null,null,null,null,null,null,null,null,null,null,null,null,null,null,null,null,null,null,null,null,null,null,null,null,null,null,null,null,null,null,null,null,null,null,null,null,null,null,null,null,null,null,null,null,null,null,null,null,null,null,null,null,null,null,null,null,null,null,null,null,null,null,null,null,null,null,null,null,null,null,null,null,null,null,null,null,null,null,null,null,null,null,null,null,null,null,null,null,null,null,null,null,null,null,null,null,null,null,null,null,null,null,null,null,null,null,null,null,null,null,null,null,135]
[null,null,null,null,null,null,null,null,null,null,null,null,null,null,null,null,null,null,null,null,null,null,null,null,null,null,null,null,null,null,null,null,null,null,null,null,null,null,null,null,null,null,null,null,null,null,null,null,null,null,null,null,null,null,null,null,null,null,null,null,null,null,null,null,null,null,null,null,null,null,null,null,null,null,null,null,null,null,null,null,null,null,null,null,null,null,null,null,null,null,null,null,null,null,null,null,null,null,null,null,null,null,null,null,null,null,null,null,null,null,null,null,null,null,null,null,null,null,null,null,null,null,null,null,null,null,null,null,null,null,null,null,null,null,null,null,null,null,null,null,null,null,null,null,null,null,null,null,null,null,null,null,null,null,null,null,null,null,null,null,null,null,null,null,null,null,null,null,null,null,null,null,136]
[null,null,null,null,null,null,null,null,null,null,null,null,null,null,null,null,null,null,null,null,null,null,null,null,null,null,null,null,null,null,null,null,null,null,null,null,null,null,null,null,null,null,null,null,null,null,null,null,null,null,null,null,null,null,null,null,null,null,null,null,null,null,null,null,null,null,null,null,null,null,null,null,null,null,null,null,null,null,null,null,null,null,null,null,null,null,null,null,null,null,null,null,null,null,null,null,null,null,null,null,null,null,null,null,null,null,null,null,null,null,null,null,null,null,null,null,null,null,null,null,null,null,null,null,null,null,null,null,null,null,null,null,null,null,null,null,null,null,null,null,null,null,null,null,null,null,null,null,null,null,null,null,null,null,null,null,null,null,null,null,null,null,null,null,null,null,null,null,null,null,null,null,137]
[null,null,null,null,null,null,null,null,null,null,null,null,null,null,null,null,null,null,null,null,null,null,null,null,null,null,null,null,null,null,null,null,null,null,null,null,null,null,null,null,null,null,null,null,null,null,null,null,null,null,null,null,null,null,null,null,null,null,null,null,null,null,null,null,null,null,null,null,null,null,null,null,null,null,null,null,null,null,null,null,null,null,null,null,null,null,null,null,null,null,null,null,null,null,null,null,null,null,null,null,null,null,null,null,null,null,null,null,null,null,null,null,null,null,null,null,null,null,null,null,null,null,null,null,null,null,null,null,null,null,null,null,null,null,null,null,null,null,null,null,null,null,null,null,null,null,null,null,null,null,null,null,null,null,null,null,null,null,null,null,null,null,null,null,null,null,null,null,null,null,null,null,138]
[null,null,null,null,null,null,null,null,null,null,null,null,null,null,null,null,null,null,null,null,null,null,null,null,null,null,null,null,null,null,null,null,null,null,null,null,null,null,null,null,null,null,null,null,null,null,null,null,null,null,null,null,null,null,null,null,null,null,null,null,null,null,null,null,null,null,null,null,null,null,null,null,null,null,null,null,null,null,null,null,null,null,null,null,null,null,null,null,null,null,null,null,null,null,null,null,null,null,null,null,null,null,null,null,null,null,null,null,null,null,null,null,null,null,null,null,null,null,null,null,null,null,null,null,null,null,null,null,null,null,null,null,null,null,null,null,null,null,null,null,null,null,null,null,null,null,null,null,null,null,null,null,null,null,null,null,null,null,null,null,null,null,null,null,null,null,null,null,null,null,null,null,139]
[null,null,null,null,null,null,null,null,null,null,null,null,null,null,null,null,null,null,null,null,null,null,null,null,null,null,null,null,null,null,null,null,null,null,null,null,null,null,null,null,null,null,null,null,null,null,null,null,null,null,null,null,null,null,null,null,null,null,null,null,null,null,null,null,null,null,null,null,null,null,null,null,null,null,null,null,null,null,null,null,null,null,null,null,null,null,null,null,null,null,null,null,null,null,null,null,null,null,null,null,null,null,null,null,null,null,null,null,null,null,null,null,null,null,null,null,null,null,null,null,null,null,null,null,null,null,null,null,null,null,null,null,null,null,null,null,null,null,null,null,null,null,null,null,null,null,null,null,null,null,null,null,null,null,null,null,null,null,null,null,null,null,null,null,null,null,null,null,null,null,null,null,140]

{"sheet":"Scaling Calculator","index":2,"n_rows":12,"n_cols":6,"rows_kept":12,"cut":false,"hidden":false,"merged":[[2,2,2,4],[1,2,1,4]]}
[]
[null,"Level",null,null,null,"← 1. Select level"]
[null,"Subject",null,null,null,"← 2. Select subject"]
[]
[null,"Qualification ",null,"← 3.Select qualification"]
[null,null,"↓ 4. Enter raw marks"]
[null,"Component","Raw Marks","Scaling Factor","Subject mark for component"]
[null,{"$f":"IFERROR(INDEX(Lookup!$A$1:$D$500,SMALL(IF(Lookup!$A$1:$D$500='Scaling Calculator'!$C$5,ROW(Lookup!$A$1:$D$500)),ROW(1:1))*1,3),\"\")","v":0},null,{"$f":"IFERROR(INDEX(Lookup!$A$1:$D$500,SMALL(IF(Lookup!$A$1:$D$500='Scaling Calculator'!$C$5,ROW(Lookup!$A$1:$D$500)),ROW(1:1))*1,4),\"\")","v":0},{"$f":"IFERROR(C8*D8,\"\")","v":0}]
[null,{"$f":"IFERROR(INDEX(Lookup!$A$1:$D$500,SMALL(IF(Lookup!$A$1:$D$500='Scaling Calculator'!$C$5,ROW(Lookup!$A$1:$D$500)),ROW(2:2))*1,3),\"\")","v":0},null,{"$f":"IFERROR(INDEX(Lookup!$A$1:$D$500,SMALL(IF(Lookup!$A$1:$D$500='Scaling Calculator'!$C$5,ROW(Lookup!$A$1:$D$500)),ROW(2:2))*1,4),\"\")","v":0},{"$f":"IFERROR(C9*D9,\"\")","v":0}]
[null,{"$f":"IFERROR(INDEX(Lookup!$A$1:$D$500,SMALL(IF(Lookup!$A$1:$D$500='Scaling Calculator'!$C$5,ROW(Lookup!$A$1:$D$500)),ROW(3:3))*1,3),\"\")","v":0},null,{"$f":"IFERROR(INDEX(Lookup!$A$1:$D$500,SMALL(IF(Lookup!$A$1:$D$500='Scaling Calculator'!$C$5,ROW(Lookup!$A$1:$D$500)),ROW(3:3))*1,4),\"\")","v":0},{"$f":"IFERROR(C10*D10,\"\")","v":0}]
[null,{"$f":"IFERROR(INDEX(Lookup!$A$1:$D$500,SMALL(IF(Lookup!$A$1:$D$500='Scaling Calculator'!$C$5,ROW(Lookup!$A$1:$D$500)),ROW(4:4))*1,3),\"\")","v":0},null,{"$f":"IFERROR(INDEX(Lookup!$A$1:$D$500,SMALL(IF(Lookup!$A$1:$D$500='Scaling Calculator'!$C$5,ROW(Lookup!$A$1:$D$500)),ROW(4:4))*1,4),\"\")","v":0},{"$f":"IFERROR(C11*D11,\"\")","v":0}]
[null,"Total raw marks",{"$f":"SUM(C8:C11)","v":0},"Total subject marks",{"$f":"SUM(E8:E11)","v":0}]